{"id":2,"date":"2010-02-24T23:58:00","date_gmt":"2010-02-24T23:58:00","guid":{"rendered":""},"modified":"2011-02-19T19:34:38","modified_gmt":"2011-02-19T19:34:38","slug":"about","status":"publish","type":"page","link":"https:\/\/denmark.wordcamp.org\/2010\/about\/","title":{"rendered":"Om"},"content":{"rendered":"<p>WordCamp Denmark startede (naturligvis) i <a title=\"http:\/\/wordpress.dk\/forum\/\" href=\"http:\/\/wordpress.dk\/forum\/\" target=\"_blank\">det danske WordPress forum<\/a>. Helt n\u00f8jagtigt <a title=\"WordCamp Denmark\" href=\"http:\/\/wordpress.dk\/forum\/topic\/wordcamp-danmark-2010\" target=\"_blank\">i denne tr\u00e5d<\/a>.<\/p>\n<p>WordCamp Denamrk 2010 foregik i <a title=\"http:\/\/kubik.kk.dk\/kulturvesterbro\/om-kultur-vesterbro\/vesterbro-kulturhus\" href=\"http:\/\/kubik.kk.dk\/kulturvesterbro\/om-kultur-vesterbro\/vesterbro-kulturhus\" target=\"_blank\">Vesterbro Kulturhus<\/a> p\u00e5 Vesterbro i K\u00f8benhavn. WordCamp 2011 kommer til at v\u00e6re samme sted.<\/p>\n<p>WordCamp Denmark 2011 er ved at blive planlagt.<\/p>\n","protected":false},"excerpt":{"rendered":"<p>WordCamp Denmark startede (naturligvis) i det danske WordPress forum. Helt n\u00f8jagtigt i denne tr\u00e5d. WordCamp Denamrk 2010 foregik i Vesterbro Kulturhus p\u00e5 Vesterbro i K\u00f8benhavn. WordCamp 2011 kommer til at v\u00e6re samme sted. WordCamp Denmark 2011 er ved at blive planlagt.<\/p>\n","protected":false},"author":2681396,"featured_media":0,"parent":0,"menu_order":1,"comment_status":"open","ping_status":"open","template":"","meta":{"jetpack_post_was_ever_published":false,"footnotes":""},"class_list":["post-2","page","type-page","status-publish","hentry"],"_links":{"self":[{"href":"https:\/\/denmark.wordcamp.org\/2010\/wp-json\/wp\/v2\/pages\/2","targetHints":{"allow":["GET"]}}],"collection":[{"href":"https:\/\/denmark.wordcamp.org\/2010\/wp-json\/wp\/v2\/pages"}],"about":[{"href":"https:\/\/denmark.wordcamp.org\/2010\/wp-json\/wp\/v2\/types\/page"}],"author":[{"embeddable":true,"href":"https:\/\/denmark.wordcamp.org\/2010\/wp-json\/wp\/v2\/users\/2681396"}],"replies":[{"embeddable":true,"href":"https:\/\/denmark.wordcamp.org\/2010\/wp-json\/wp\/v2\/comments?post=2"}],"version-history":[{"count":8,"href":"https:\/\/denmark.wordcamp.org\/2010\/wp-json\/wp\/v2\/pages\/2\/revisions"}],"predecessor-version":[{"id":6,"href":"https:\/\/denmark.wordcamp.org\/2010\/wp-json\/wp\/v2\/pages\/2\/revisions\/6"}],"wp:attachment":[{"href":"https:\/\/denmark.wordcamp.org\/2010\/wp-json\/wp\/v2\/media?parent=2"}],"curies":[{"name":"wp","href":"https:\/\/api.w.org\/{rel}","templated":true}]}}