{"id":438,"date":"2011-09-14T11:08:28","date_gmt":"2011-09-14T09:08:28","guid":{"rendered":"https:\/\/2011.denmark.wordcamp.org\/?page_id=438"},"modified":"2011-09-17T14:42:19","modified_gmt":"2011-09-17T12:42:19","slug":"planlaegning","status":"publish","type":"page","link":"https:\/\/denmark.wordcamp.org\/2011\/planlaegning\/","title":{"rendered":"Planl\u00e6gning"},"content":{"rendered":"<p>S\u00e5 er WordCamp Danmark 2011 under planl\u00e6gnig.<\/p>\n<p>Arrangementet kommer til at foreg\u00e5 \u00a012. og 13. november i K\u00f8benhavn.<\/p>\n<p>Hvis du arbejder med WordPress, p\u00e5 den ene eller den anden m\u00e5de, er dette arrangement for dig. Vi \u00f8nsker at lave et arrangement der er relevant for dig, hvad enten du er blogger, designer, programm\u00f8r, skribent, r\u00e5dgiver, handlende, hobbyist eller noget helt andet.<\/p>\n<p>WordCamp Danmark er en enest\u00e5ende mulighed for at l\u00e6re mere om WordPress og at netv\u00e6rke indenfor brugermilj\u00f8 der findes omkring WordPress.<\/p>\n<h2>Hj\u00e6lp os<\/h2>\n<p>Gode hj\u00e6lpere er livsn\u00f8dvendige, s\u00e5 meld jer gerne. Vi har brug for din opbakning, og al hj\u00e6lp er meget velkommen.\u00a0Vi har brug for f\u00f8lgende:<\/p>\n<p><strong>Opl\u00e6g:<\/strong> Meld dig gerne som opl\u00e6gsholder. Det er sjovt, og en god m\u00e5de at g\u00f8re andre opm\u00e6rsom p\u00e5, hvem du er og hvad du tilbyder.<\/p>\n<p><strong>Forslag:<\/strong>\u00a0Hvis du heller vil lytte p\u00e5, s\u00e5 kom med forslag til emner via kommentar feltet nederst p\u00e5 siden her.\u00a0Hvilke emner kunne du t\u00e6nke dig at h\u00f8re om p\u00e5 WordCamp i \u00e5r?<\/p>\n<p><strong>Video:<\/strong>\u00a0Vi vil gerne optage s\u00e5 meget fra WordCampen som muligt, s\u00e5 vi kan l\u00e6gge ud p\u00e5 nettet efterf\u00f8lgende. Meld dig gerne til at\u00a0optage video fra arrangementet, og evt. til at l\u00e6gge videoerne ud p\u00e5 Vimeo eller YouTube efterf\u00f8lgende.<\/p>\n<p><strong>Penge:<\/strong> Sponsering er velkommen. Meld dig som sponsor hvis du har muligheden.<\/p>\n<p><strong>Hjemmsiden:<\/strong> Korrekturl\u00e6sning af hjemmesiden her. Finder du fejl s\u00e5 email gerne mikkel@wpkitchen.com. Har du et fedt <strong>billede af K\u00f8benhavn<\/strong> som kunne passe ind som headergrafik p\u00e5 denne side? S\u00e5 vil vi meget gerne have det p\u00e5. Du skal selv have rettighederne til materialet, og det vil blive GPL licenceret (dvs. andre skal have lov at benytte det) Du bliver naturligvis krediteret som fotograf.<\/p>\n<p><strong>Lip service:<\/strong> Hj\u00e6lp os med at sprede buskabet \u2013hj\u00e6lp os med at f\u00e5 fat i s\u00e5 mange relevante deltagere som muligt. Sig det videre, tweet, blog, facebook.<\/p>\n<p>&nbsp;<\/p>\n<h2>Forel\u00f8bige forslag til emner<\/h2>\n<p>Denne liste opdateres l\u00f8bende, og inkluderer forslag fra alle der kommenterer nedenfor.<\/p>\n<ul>\n<li>5-min presentationer<br \/>\nVis hvad du har lavet med WP<\/li>\n<li>Theme Frameworks (tendenser og standardisering)<br \/>\nHvad skal et godt theme framework kunne?<\/li>\n<li>WordPress via Mobil (administration og pr\u00e6sentation)<\/li>\n<li>Custom Fields og Post Types<\/li>\n<li>WCAG (Web Content Accessibility Guidelines)<br \/>\n&amp; WAI-ARIA (Web Accessibility Initiative &#8211; Accessible Rich Internet Applications)<\/li>\n<li>Backup &#8211; metoder og muligheder (VaultPress og andre services og plug-ins)<\/li>\n<\/ul>\n<h2>Opl\u00e6gsholdere<\/h2>\n<p>Vi mangler stadig opl\u00e6gsholdere. Meld dig gerne.<br \/>\nListe over forel\u00f8bige opl\u00e6gsholdere kan ses p\u00e5 siden <a title=\"Opl\u00e6gsholdere\" href=\"https:\/\/2011.denmark.wordcamp.org\/oplaegsholdere\/\">opl\u00e6gsholdere<\/a>.<\/p>\n<h2>Workshop<\/h2>\n<p>Vi har to lokaler, og arrangerer gerne et par workshops. Kom med forslag.<\/p>\n<h2>Tilmelding og pris<\/h2>\n<p>Vi har lagt prisen p\u00e5 150,- kr. denne gang. S\u00e5 er vi mere sponsoruafh\u00e6ngige og skal bekymre os mindre om uforudsete sm\u00e5udgifter (Esprezzo har dog allerede sponseret kaffen). Du k\u00f8ber billet her: BILLETSLAG IKKE \u00c5BNET ENDNU.<\/p>\n","protected":false},"excerpt":{"rendered":"<p>S\u00e5 er WordCamp Danmark 2011 under planl\u00e6gnig. Arrangementet kommer til at foreg\u00e5 \u00a012. og 13. november i K\u00f8benhavn. Hvis du arbejder med WordPress, p\u00e5 den ene eller den anden m\u00e5de, er dette arrangement for dig. Vi \u00f8nsker at lave et &hellip; <a href=\"https:\/\/denmark.wordcamp.org\/2011\/planlaegning\/\">Continue reading <span class=\"screen-reader-text\">Planl\u00e6gning<\/span>  <span class=\"meta-nav\">&rarr;<\/span><\/a><\/p>\n","protected":false},"author":5310838,"featured_media":0,"parent":0,"menu_order":0,"comment_status":"open","ping_status":"open","template":"","meta":{"jetpack_post_was_ever_published":false,"footnotes":""},"class_list":["post-438","page","type-page","status-publish","hentry"],"jetpack_shortlink":"https:\/\/wp.me\/P1Ncpa-74","jetpack_sharing_enabled":true,"_links":{"self":[{"href":"https:\/\/denmark.wordcamp.org\/2011\/wp-json\/wp\/v2\/pages\/438","targetHints":{"allow":["GET"]}}],"collection":[{"href":"https:\/\/denmark.wordcamp.org\/2011\/wp-json\/wp\/v2\/pages"}],"about":[{"href":"https:\/\/denmark.wordcamp.org\/2011\/wp-json\/wp\/v2\/types\/page"}],"author":[{"embeddable":true,"href":"https:\/\/denmark.wordcamp.org\/2011\/wp-json\/wp\/v2\/users\/5310838"}],"replies":[{"embeddable":true,"href":"https:\/\/denmark.wordcamp.org\/2011\/wp-json\/wp\/v2\/comments?post=438"}],"version-history":[{"count":18,"href":"https:\/\/denmark.wordcamp.org\/2011\/wp-json\/wp\/v2\/pages\/438\/revisions"}],"predecessor-version":[{"id":489,"href":"https:\/\/denmark.wordcamp.org\/2011\/wp-json\/wp\/v2\/pages\/438\/revisions\/489"}],"wp:attachment":[{"href":"https:\/\/denmark.wordcamp.org\/2011\/wp-json\/wp\/v2\/media?parent=438"}],"curies":[{"name":"wp","href":"https:\/\/api.w.org\/{rel}","templated":true}]}}