{"id":17345,"date":"2014-01-15T20:38:43","date_gmt":"2014-01-15T20:38:43","guid":{"rendered":"https:\/\/2014.denmark.wordcamp.org\/?page_id=17345"},"modified":"2014-05-26T06:31:00","modified_gmt":"2014-05-26T06:31:00","slug":"billetter","status":"publish","type":"page","link":"https:\/\/denmark.wordcamp.org\/2014\/billetter\/","title":{"rendered":"Billetter"},"content":{"rendered":"<p>Prisen for to dages WordCamp er 150,- kr.<\/p>\n<p><strong>OBS! <\/strong>V\u00e6r opm\u00e6rksom p\u00e5 at alle &#8211; inkl. organisatorer, frivillige og talere &#8211; <a title=\"Billetter\" href=\"https:\/\/2014.denmark.wordcamp.org\/billetter\/\">k\u00f8ber billet,<\/a> til geng\u00e6ld er billetterne, bl.a. takket v\u00e6re vores <a title=\"Sponsors\" href=\"https:\/\/2014.denmark.wordcamp.org\/sponsors\/\">sponsorerer,<\/a> meget rimelige i pris!<\/p>\n<p><img loading=\"lazy\" decoding=\"async\" class=\"alignnone size-medium wp-image-17346\" alt=\"Navneskilte - den f\u00f8rste WordCamp Danmark i 2010\" src=\"https:\/\/2014.denmark.wordcamp.org\/files\/2014\/01\/navneskilte-700x525.jpg\" width=\"700\" height=\"525\" srcset=\"https:\/\/denmark.wordcamp.org\/2014\/files\/2014\/01\/navneskilte-700x525.jpg 700w, https:\/\/denmark.wordcamp.org\/2014\/files\/2014\/01\/navneskilte-300x225.jpg 300w, https:\/\/denmark.wordcamp.org\/2014\/files\/2014\/01\/navneskilte.jpg 1024w\" sizes=\"auto, (max-width: 700px) 100vw, 700px\" \/><\/p>\n","protected":false},"excerpt":{"rendered":"<p>Prisen for to dages WordCamp er 150,- kr. OBS! V\u00e6r opm\u00e6rksom p\u00e5 at alle &#8211; inkl. organisatorer, frivillige og talere &#8211; k\u00f8ber billet, til geng\u00e6ld er billetterne, bl.a. takket v\u00e6re vores sponsorerer, meget rimelige i pris!<\/p>\n","protected":false},"author":5799700,"featured_media":0,"parent":0,"menu_order":0,"comment_status":"closed","ping_status":"closed","template":"","meta":{"jetpack_post_was_ever_published":false,"footnotes":""},"class_list":["post-17345","page","type-page","status-publish","hentry"],"jetpack_sharing_enabled":true,"_links":{"self":[{"href":"https:\/\/denmark.wordcamp.org\/2014\/wp-json\/wp\/v2\/pages\/17345","targetHints":{"allow":["GET"]}}],"collection":[{"href":"https:\/\/denmark.wordcamp.org\/2014\/wp-json\/wp\/v2\/pages"}],"about":[{"href":"https:\/\/denmark.wordcamp.org\/2014\/wp-json\/wp\/v2\/types\/page"}],"author":[{"embeddable":true,"href":"https:\/\/denmark.wordcamp.org\/2014\/wp-json\/wp\/v2\/users\/5799700"}],"replies":[{"embeddable":true,"href":"https:\/\/denmark.wordcamp.org\/2014\/wp-json\/wp\/v2\/comments?post=17345"}],"version-history":[{"count":13,"href":"https:\/\/denmark.wordcamp.org\/2014\/wp-json\/wp\/v2\/pages\/17345\/revisions"}],"predecessor-version":[{"id":442674,"href":"https:\/\/denmark.wordcamp.org\/2014\/wp-json\/wp\/v2\/pages\/17345\/revisions\/442674"}],"wp:attachment":[{"href":"https:\/\/denmark.wordcamp.org\/2014\/wp-json\/wp\/v2\/media?parent=17345"}],"curies":[{"name":"wp","href":"https:\/\/api.w.org\/{rel}","templated":true}]}}