{"id":241789,"date":"2014-03-06T08:08:04","date_gmt":"2014-03-06T08:08:04","guid":{"rendered":"https:\/\/2014.denmark.wordcamp.org\/?page_id=241789"},"modified":"2014-05-22T06:06:22","modified_gmt":"2014-05-22T06:06:22","slug":"happiness-bar","status":"publish","type":"page","link":"https:\/\/denmark.wordcamp.org\/2014\/happiness-bar\/","title":{"rendered":"Happiness bar"},"content":{"rendered":"<p><img loading=\"lazy\" decoding=\"async\" class=\"alignnone size-full wp-image-2956\" src=\"https:\/\/2014.denmark.wordcamp.org\/files\/2014\/01\/cropped-wordpress-badges.jpg\" alt=\"cropped-wordpress-badges.jpg\" width=\"940\" height=\"198\" srcset=\"https:\/\/denmark.wordcamp.org\/2014\/files\/2014\/01\/cropped-wordpress-badges.jpg 940w, https:\/\/denmark.wordcamp.org\/2014\/files\/2014\/01\/cropped-wordpress-badges-300x63.jpg 300w\" sizes=\"auto, (max-width: 940px) 100vw, 940px\" \/><\/p>\n<h3 class=\"entry-title\">Happiness Bar<\/h3>\n<p>Under hele WordCamp Danmark er vores Happiness Bar \u00e5ben. Hvis du ikke ved hvad det er, s\u00e5 kan det bedst beskrives som en slags helpdesk, hvor man kan komme forbi og f\u00e5 hj\u00e6lp til at l\u00f8se en WordPress-udfordring. Standen bliver bemandet p\u00e5 skift af en flok meget venlige og vidende WordPress-entusiaster.<\/p>\n","protected":false},"excerpt":{"rendered":"<p>Happiness Bar Under hele WordCamp Danmark er vores Happiness Bar \u00e5ben. Hvis du ikke ved hvad det er, s\u00e5 kan det bedst beskrives som en slags helpdesk, hvor man kan komme forbi og f\u00e5 hj\u00e6lp til at l\u00f8se en WordPress-udfordring. Standen bliver bemandet p\u00e5 skift af en flok meget venlige og vidende WordPress-entusiaster.<\/p>\n","protected":false},"author":5799700,"featured_media":0,"parent":0,"menu_order":0,"comment_status":"closed","ping_status":"closed","template":"","meta":{"jetpack_post_was_ever_published":false,"footnotes":""},"class_list":["post-241789","page","type-page","status-publish","hentry"],"jetpack_sharing_enabled":true,"_links":{"self":[{"href":"https:\/\/denmark.wordcamp.org\/2014\/wp-json\/wp\/v2\/pages\/241789","targetHints":{"allow":["GET"]}}],"collection":[{"href":"https:\/\/denmark.wordcamp.org\/2014\/wp-json\/wp\/v2\/pages"}],"about":[{"href":"https:\/\/denmark.wordcamp.org\/2014\/wp-json\/wp\/v2\/types\/page"}],"author":[{"embeddable":true,"href":"https:\/\/denmark.wordcamp.org\/2014\/wp-json\/wp\/v2\/users\/5799700"}],"replies":[{"embeddable":true,"href":"https:\/\/denmark.wordcamp.org\/2014\/wp-json\/wp\/v2\/comments?post=241789"}],"version-history":[{"count":5,"href":"https:\/\/denmark.wordcamp.org\/2014\/wp-json\/wp\/v2\/pages\/241789\/revisions"}],"predecessor-version":[{"id":442618,"href":"https:\/\/denmark.wordcamp.org\/2014\/wp-json\/wp\/v2\/pages\/241789\/revisions\/442618"}],"wp:attachment":[{"href":"https:\/\/denmark.wordcamp.org\/2014\/wp-json\/wp\/v2\/media?parent=241789"}],"curies":[{"name":"wp","href":"https:\/\/api.w.org\/{rel}","templated":true}]}}