{"id":8,"date":"2014-04-24T13:07:44","date_gmt":"2014-04-24T13:07:44","guid":{"rendered":"https:\/\/2014.denmark.wordcamp.org\/?page_id=8"},"modified":"2014-05-23T16:51:15","modified_gmt":"2014-05-23T16:51:15","slug":"deltagere","status":"publish","type":"page","link":"https:\/\/denmark.wordcamp.org\/2014\/deltagere\/","title":{"rendered":"Deltagere"},"content":{"rendered":"<ol>\n<li>Adam Jensen <a href=\"http:\/\/dystedogjensen.dk\/\" target=\"_blank\">Dysted &amp; Jensen<\/a><\/li>\n<li>Alexander Juul Jakobsen <a href=\"http:\/\/www.brandweb.dk\" target=\"_blank\">Brandweb <\/a><\/li>\n<li>Alexia Dahl, Surftown<\/li>\n<li><a href=\"http:\/\/alintal.flavors.me\/\" target=\"_blank\">Aline Talatinian<\/a><\/li>\n<li>Anette Enkeb\u00f8ll<\/li>\n<li>Anja Lysholm <a href=\"http:\/\/efterlivet.dk\" target=\"_blank\">Uforklarbar<\/a><\/li>\n<li>Anna Kazaka Sia <a title=\"Aurum IT\" href=\"http:\/\/www.aurumit.com\" target=\"_blank\">Aurum IT <\/a><\/li>\n<li>Anne Christensen<\/li>\n<li>Anne C. Hagedorn <a href=\"http:\/\/peytz.dk\" target=\"_blank\" rel=\"nofollow\">peytz.dk<\/a><\/li>\n<li>Anne Kirstine Toftvang <a href=\"http:\/\/www.lovelyliving.dk\" target=\"_blank\">Ankito <\/a><\/li>\n<li><a href=\"http:\/\/annesofieolesen.dk\" target=\"_blank\">Anne Sofie Dalsgaard Olesen <\/a><\/li>\n<li><a href=\"http:\/\/anetq.dk\" target=\"_blank\">Annette Q Pedersen<\/a><\/li>\n<li>Aws Muhsin <a href=\"http:\/\/globaltraderoom.com\" target=\"_blank\">globaltraderoom.com<\/a><\/li>\n<li>Bente Ravnborg <a href=\"http:\/\/www.earthwindsunandfire.dk\" target=\"_blank\">earthwindsunandfire.dk<\/a><\/li>\n<li><a href=\"http:\/\/minmadopskrift.dk\" target=\"_blank\">Bj\u00f8rn Nielsen<\/a> GAPO<\/li>\n<li>Bo Skakke <a href=\"http:\/\/berlingskemedia.dk\" target=\"_blank\">Berlingske Media<\/a><\/li>\n<li>Bolette Obbek\u00e6r <a href=\"http:\/\/bedreweb.dk\" target=\"_blank\">bedreweb.dk<\/a><\/li>\n<li>Carl Johan Kristiansson, Surftown<\/li>\n<li>Carsten Riis <a href=\"http:\/\/www.de3faktorer.dk\" target=\"_blank\">de3faktorer.dk<\/a><\/li>\n<li>Carsten Thrane <a href=\"http:\/\/www.joomlahouse.dk\" target=\"_blank\">Joomlahouse<\/a><\/li>\n<li><a href=\"http:\/\/acwf.dk\" target=\"_blank\">Cathrine Fallesen<\/a><\/li>\n<li>Charlotte Hammer <a href=\"http:\/\/www.charlottehammer.dk\" target=\"_blank\">charlottehammer.dk<\/a><\/li>\n<li>Christian Rosenbech <a href=\"http:\/\/www.christianpluschristian.dk\" target=\"_blank\">CHRISTIAN+CHRISTIAN<\/a><\/li>\n<li>Christian Strandberg <a href=\"http:\/\/www.christianpluschristian.dk\" target=\"_blank\">CHRISTIAN+CHRISTIAN<\/a><\/li>\n<li>Christian Winther <a href=\"http:\/\/smspress.dk\" target=\"_blank\">smspress.dk<\/a><\/li>\n<li>Christina Fromberg<\/li>\n<li>Christoffer Br\u00f8ndum, Surftown<\/li>\n<li>Christoffer Hansen<\/li>\n<li>Christopher Teves, Surftown<\/li>\n<li>Conni Falkenblad<\/li>\n<li>Connie Quist, Surftown<\/li>\n<li>Daniel King <a href=\"http:\/\/www.triptongo.com.ar\" target=\"_blank\">Triptongo<\/a><\/li>\n<li><a href=\"http:\/\/davidpeterhansen.com\" target=\"_blank\">David Peter Hansen<\/a> United Nations Office for Project Services<\/li>\n<li>Ditte Evald<\/li>\n<li>Dorthe Meyer <a href=\"http:\/\/www.de-sign.dk\" target=\"_blank\">De-sign<\/a><\/li>\n<li>Dorthe Sode Stengade S\u00f8nderskov<\/li>\n<li>Ebbe Hansen<\/li>\n<li><del datetime=\"2014-05-15T09:19:06+00:00\">Elisabeth Tejlmand <a href=\"http:\/\/webpresence.dk\" target=\"_blank\">WebPresence<\/a><\/del><\/li>\n<li>Elvira Thomsen<\/li>\n<li>Emil Typlt-tufvesson <a href=\"http:\/\/logotypebolaget.se\" target=\"_blank\">Logotypebolaget<\/a><\/li>\n<li><del>Eniko Olah <a href=\"http:\/\/www.iroots.dk\" target=\"_blank\">iRoots<\/a><\/del><\/li>\n<li>Frans Andersson <a href=\"http:\/\/www.mithelbred.dk\" target=\"_blank\">CompuGroup Medical <\/a><\/li>\n<li>Gitte M\u00f8lbak <a href=\"http:\/\/www.propagandafabrikken.dk\" target=\"_blank\">Propagandafabrikken<\/a><\/li>\n<li>Gitte Willumsen <a href=\"http:\/\/www.frkwillumsen.dk\" target=\"_blank\">Willumsen<\/a><\/li>\n<li>Hanne Christiansen<\/li>\n<li>Hanne Flintholm <a href=\"http:\/\/www.flintholms.dk\" target=\"_blank\">flintholms.dk<\/a><\/li>\n<li>Hans J\u00f8rgensen Fonden Teknologir\u00e5det<\/li>\n<li>Heidi Hoffmann M\u00fcller <a href=\"http:\/\/visual-designs.dk\" target=\"_blank\">visual-designs.dk <\/a><\/li>\n<li>Heidi Sinnet <a href=\"http:\/\/www.stylize.dk\" target=\"_blank\">Stylize<\/a><\/li>\n<li>Henrik Kragelund<\/li>\n<li>Henrik Isen <a href=\"http:\/\/www.isentekst.dk\" target=\"_blank\">IsenTekst.dk<\/a><\/li>\n<li>Henrik Mikael Pedersen<\/li>\n<li>Holger H\u00f8gsfort Hedac<\/li>\n<li><a href=\"http:\/\/www.photohaps.wordpress.com\" target=\"_blank\">Hugh Mayo<\/a><\/li>\n<li>Iain Cameron iaincameron.dk<\/li>\n<li>Ina Rigenstrup<\/li>\n<li>James Bonham <a href=\"http:\/\/peytz.dk\" target=\"_blank\" rel=\"nofollow\">peytz.dk<\/a><\/li>\n<li>Jan C. Klein <a href=\"http:\/\/www.propagandafabrikken.dk\" target=\"_blank\">Propagandafabrikken<\/a><\/li>\n<li>Jan Thors\u00f8 Andersen <a href=\"http:\/\/www.lazyjoe.dk\" target=\"_blank\">Lazyjoe.dk <\/a><\/li>\n<li>Jenny Larsen <a href=\"http:\/\/www.camperfolket.dk\" target=\"_blank\">Tema Film ApS <\/a><\/li>\n<li>Jenny Johannessen <a href=\"http:\/\/www.penciltwister.com\" target=\"_blank\">Penciltwister <\/a><\/li>\n<li>Jens Brogaard <a href=\"http:\/\/skypress.dk\" target=\"_blank\">SkyPress <\/a><\/li>\n<li><a href=\"http:\/\/jesconradsen.dk\/\" target=\"_blank\">Jes Conradsen<\/a> Superfly Visuals<\/li>\n<li><a href=\"http:\/\/jesperjarlskov.dk\" target=\"_blank\">Jesper Jarlskov<\/a><\/li>\n<li>Jesper S\u00f8holm <a href=\"http:\/\/www.biberkopf.com\" target=\"_blank\">Biberkopf<\/a><\/li>\n<li>Jimmi Sch\u00e6ffer <a href=\"http:\/\/www.tysksolenergi.dk\/\" target=\"_blank\">TyskSolenergi \/ ecoPool<\/a><\/li>\n<li>John Sahl <a href=\"http:\/\/autohenter.dk\" target=\"_blank\">Autohenter.dk <\/a><\/li>\n<li>Johnny Anthon Wichmann <a href=\"http:\/\/www.billedbyroet.dk\" target=\"_blank\">BILLEDBYROET <\/a><\/li>\n<li><a href=\"http:\/\/jonasnordstrom.se\" target=\"_blank\">Jonas Nordstr\u00f6m<\/a><\/li>\n<li><a href=\"http:\/\/www.burchardt.name\" target=\"_blank\">J\u00f8rgen Burchardt<\/a><\/li>\n<li><a href=\"http:\/\/mardahl.dk\" target=\"_blank\">Karen Mardahl<\/a><\/li>\n<li>Karina Muriel Mimoun <a href=\"http:\/\/kbhudenfilter.wordpress.com\" target=\"_blank\">kbhudenfilter.wordpress.com<\/a><\/li>\n<li>Kim Andersen<\/li>\n<li>Kim Asbury Olsen <a href=\"http:\/\/www.asburyweb.dk\" target=\"_blank\">asburyweb.dk<\/a><\/li>\n<li>Kira Madsen<\/li>\n<li>Klavs Laks\u00f8 <a href=\"http:\/\/www.autoskolen.dk\" target=\"_blank\">autoskolen.dk<\/a><\/li>\n<li>Knut N\u00e4gele <a href=\"http:\/\/save.dk\" target=\"_blank\">save.dk<\/a><\/li>\n<li>Kristina Sangvita <a href=\"http:\/\/alterstoette.dk\" target=\"_blank\">All_Is_Support<\/a><\/li>\n<li>K\u00e5re Mulvad Steffensen <a href=\"http:\/\/dejliglama.dk\" target=\"_blank\" rel=\"nofollow\">DejligLama<\/a><\/li>\n<li>Lars Beneke <a href=\"http:\/\/interoasting.dk\" target=\"_blank\">interoasting.dk<\/a><\/li>\n<li>Lars Petersen Brille-klubben Aps<\/li>\n<li>Lars Friberg<\/li>\n<li><a href=\"http:\/\/lasseclaes.dk\/\" target=\"_blank\">Lasse Claes Jacobsen<\/a><\/li>\n<li>Lene Stampe<\/li>\n<li>Linda Kristiansen <a href=\"http:\/\/visue.dk\" target=\"_blank\">Visue<\/a><\/li>\n<li>Linda Jensen<\/li>\n<li>Line Christensen <a href=\"http:\/\/lineappelsine.dk\" target=\"_blank\">lineappelsine.dk<\/a><\/li>\n<li>Lisa Risager <a href=\"http:\/\/lisarisager.dk\" target=\"_blank\">Stickleback<\/a><\/li>\n<li>Lotte Bendstrup, Surftown<\/li>\n<li>Louise Dohn <a href=\"http:\/\/babula.dk\" target=\"_blank\">Elle&amp;Babula<\/a><\/li>\n<li>Mads Phikamphon Phikamphon ApS<\/li>\n<li><a href=\"http:\/\/magdawos.com\" target=\"_blank\">Magda Wos<\/a> United Nations Office for Project Services<\/li>\n<li>Malene Palmgren <a href=\"http:\/\/palmgrenmarketing.dk\" target=\"_blank\">Palmgren Marketing<\/a><\/li>\n<li>Maria Larsen Sort Media<\/li>\n<li><a href=\"http:\/\/www.mariafynsknorup.com\" target=\"_blank\">Maria Fynsk Norup<\/a> Chiaroscuro<\/li>\n<li>Mark Thomas Gazel <a href=\"http:\/\/mark.gazel.dk\" target=\"_blank\">Gazel Inc. <\/a><\/li>\n<li>Martin Andr\u00e9 J\u00f8nck, Surftown<\/li>\n<li>Martin Bay <a href=\"http:\/\/nordicappeal.com\" target=\"_blank\">Nordic Appeal<\/a><\/li>\n<li>Martin Damm-Svendsen<\/li>\n<li>Mette Bang <a href=\"http:\/\/www.fotomarathon.dk\" target=\"_blank\">Fotomarathon<\/a><\/li>\n<li>Mette Schantz<\/li>\n<li>Michael Visser <a href=\"http:\/\/www.visser.com.au\" target=\"_blank\" rel=\"nofollow\">Visser Labs<\/a><\/li>\n<li>Michael Bernth <a href=\"http:\/\/monovoce.com\">mono voce aps<\/a><\/li>\n<li>Mie Lauridsen<\/li>\n<li><a href=\"http:\/\/www.mikkeljespersen.dk\" target=\"_blank\">Mikkel Hougaard Jespersen<\/a><\/li>\n<li>Mikkel Olsen<\/li>\n<li>Mogens Feldballe <a href=\"http:\/\/www.mf-media.dk\" target=\"_blank\">mf-media.dk<\/a><\/li>\n<li>Morten Felsvang, Surftown<\/li>\n<li>Morten Samson <a href=\"http:\/\/www.spotonmarketing.dk\">SpotOn Marketing<\/a><\/li>\n<li>Morten M\u00f8ller <a href=\"http:\/\/www.spotonmarketing.dk\">SpotOn Marketing<\/a><\/li>\n<li>Morten S. Christensen <a href=\"http:\/\/worksonline.dk\" target=\"_blank\">WorksOnline<\/a><\/li>\n<li><a href=\"http:\/\/mortenbeck.dk\/\" target=\"_blank\">Morten Beck Christensen <\/a><\/li>\n<li>Morten Dalgaard Johansen <a href=\"http:\/\/www.iosoftgame.com\" target=\"_blank\">IO SoftGame<\/a><\/li>\n<li>Morten Teisner <a href=\"http:\/\/peytz.dk\" target=\"_blank\" rel=\"nofollow\">peytz.dk<\/a><\/li>\n<li>Nana Jepsen<\/li>\n<li>Nicolas Nezzo <a href=\"http:\/\/surftown.dk\" target=\"_blank\" rel=\"nofollow\">Surftown<\/a><\/li>\n<li>Nick Hartmann Nichart Creative <a href=\"http:\/\/nordisklegetoej.dk\" target=\"_blank\">nordisklegetoej.dk<\/a><\/li>\n<li>Niels Madsen mynethshop.com<\/li>\n<li>Nova Marcic Dawn, Computopic <a href=\"http:\/\/odysseycycles.wordpress.com\" target=\"_blank\">odysseycycles.wordpress.com<\/a><\/li>\n<li>Omar Abou Alpha<\/li>\n<li>Patrick Hesselberg <a href=\"http:\/\/peytz.dk\" target=\"_blank\" rel=\"nofollow\">peytz.dk<\/a><\/li>\n<li>Paul Erik Pedersen <a href=\"http:\/\/www.goteachme.dk\" target=\"_blank\">goTeachMe<\/a><\/li>\n<li>Per Bovbjerg <a href=\"http:\/\/wpsolutions.dk\" target=\"_blank\">WP Solutions<\/a><\/li>\n<li>Pernilla Craehn, Surftown<\/li>\n<li>Peter Lauge <a href=\"http:\/\/www.pixelhuset.dk\" target=\"_blank\" rel=\"nofollow\">Pixelhuset ApS<\/a><\/li>\n<li>Peter Winther <a href=\"http:\/\/fotomarathon.dk\" target=\"_blank\">FotoMarathon<\/a><\/li>\n<li><a href=\"http:\/\/blog.drivingralle.de\" target=\"_blank\">Ralf Wiechers<\/a><\/li>\n<li>Ren\u00e9 Frederiksen <a href=\"http:\/\/www.renefrederiksen.dk\" target=\"_blank\">Roadtrips ApS<\/a><\/li>\n<li>Ren\u00e9 Hansen <a href=\"http:\/\/worksonline.dk\" target=\"_blank\">WorksOnline<\/a><\/li>\n<li>Ren\u00e9 Skou <a href=\"http:\/\/Juhlsen.com\" target=\"_blank\">Juhlsen.com<\/a> <a href=\"http:\/\/electronic-life.net\" target=\"_blank\">electronic-life.net<\/a><\/li>\n<li>Richard Sweeney <a href=\"http:\/\/theshipyard.se\" target=\"_blank\">The Shipyard<\/a><\/li>\n<li>Rikke Henriksen<\/li>\n<li>Risto Paananen <a href=\"http:\/\/risto.dk\" target=\"_blank\">risto.dk<\/a><\/li>\n<li>Roksana Skura, Surftown<\/li>\n<li>Ryan Skov Zebs<\/li>\n<li>Sabina Ringqvist<\/li>\n<li>Sabina Hertzum istyler.dk<\/li>\n<li>Sandy Olesen <a href=\"http:\/\/visitandersen.dk\/\" target=\"_blank\">visitandersen.dk<\/a><\/li>\n<li><a href=\"http:\/\/www.sannedideriksen.dk\" target=\"_blank\">Sanne Dideriksen<\/a><\/li>\n<li><a href=\"http:\/\/selshi.bloggersdelight.dk\/\" target=\"_blank\">Selina Shipley<\/a><\/li>\n<li>Simon Kampmann\u00a0<a href=\"http:\/\/headnet.dk\" target=\"_blank\" rel=\"nofollow\">Headnet<\/a><\/li>\n<li>Steffen J\u00f8rgensen <a href=\"http:\/\/stffn.dk\" target=\"_blank\">stffn.dk<\/a><\/li>\n<li>Sune Toft <a href=\"http:\/\/headnet.dk\" target=\"_blank\" rel=\"nofollow\">Headnet<\/a><\/li>\n<li><a href=\"http:\/\/Tankemylder.dk\" target=\"_blank\">Susanne Skaaning<\/a><\/li>\n<li>Susie Christensen <a href=\"http:\/\/www.barselscoaching.dk\" target=\"_blank\">Alfa Kommunikation<\/a><\/li>\n<li>Sven Bo Madsen <a href=\"http:\/\/www.danishjunioropen.dk\/\" target=\"_blank\">danishjunioropen.dk<\/a><\/li>\n<li>Svend Vinther-Knudsen<\/li>\n<li>S\u00f8ren Kriegbaum, Computopic <a href=\"http:\/\/www.hyggeit.dk\" target=\"_blank\">hyggeit.dk<\/a><\/li>\n<li>S\u00f8s Irini Armyrantis <a href=\"http:\/\/www.uddannelsesinnovation.dk\" target=\"_blank\">Uddannelsesinnovation<\/a><\/li>\n<li><del>Thomas Missfeld <a href=\"http:\/\/www.legetoej-online.dk\" target=\"_blank\">GRAFOHOLIX<\/a><\/del><\/li>\n<li>Thomas Bo Christensen<\/li>\n<li>Thor Kristiansen <a href=\"http:\/\/webhaj.dk\/\" target=\"_blank\">webhaj.dk<\/a><\/li>\n<li>Tim Ellegaard <a href=\"http:\/\/www.redgreenblue.dk\" target=\"_blank\">RedGreenBlue ApS<\/a><\/li>\n<li>Tina Haarh <a href=\"http:\/\/dwarf.dk\" target=\"_blank\">dwarf.dk<\/a><\/li>\n<li>Tine Nielsen <a href=\"http:\/\/www.rent-hjem.com\" target=\"_blank\">rent-hjem.com<\/a><\/li>\n<li>Tobias Christian Jensen <a href=\"http:\/\/WeAreWonder.dk\" target=\"_blank\">Wonder<\/a><\/li>\n<li>Tom Risager <a href=\"http:\/\/stickleback.dk\" target=\"_blank\" rel=\"nofollow\">Stickleback <\/a><\/li>\n<li><del>Torben Heikel Vinther <a href=\"http:\/\/www.webfronten.dk\" target=\"_blank\">Webfronten<\/a><\/del><\/li>\n<li>Trine Blume <a href=\"http:\/\/www.japanspecialisten.dk\" target=\"_blank\">JTB Europe<\/a><\/li>\n<li>Ulla Weber <a href=\"http:\/\/weberweb.dk\" target=\"_blank\">weberweb<\/a><\/li>\n<li><a href=\"http:\/\/www.neworleanssaints.dk\" target=\"_blank\">Ulrik Gorm Jensen<\/a><\/li>\n<li>Uno Dahl <a href=\"http:\/\/www.pashminahouse.dk\/\" target=\"_blank\">Pashminahouse ApS<\/a><\/li>\n<li>Vivi Fr\u00f8lich <a href=\"http:\/\/www.japanspecialisten.dk\" target=\"_blank\">JTB Europe<\/a><\/li>\n<li>Yu Kyung Jin <a href=\"http:\/\/monovoce.com\">mono voce aps<\/a><\/li>\n<li>Yvonne Hasselroth<\/li>\n<li>NN <a href=\"http:\/\/peytz.dk\" target=\"_blank\" rel=\"nofollow\">peytz.dk<\/a><\/li>\n<li>NN <a href=\"http:\/\/peytz.dk\" target=\"_blank\" rel=\"nofollow\">peytz.dk<\/a><\/li>\n<\/ol>\n<h3>Twitter<\/h3>\n<p>Hvis du er p\u00e5 Twitter kan du f\u00f8lge denne liste med alle deltagerne p\u00e5 WordCamp DK 2014: <a href=\"https:\/\/twitter.com\/risager\/lists\/wordcampdk2014\" target=\"_blank\">WordcampDK2014<br \/>\n<\/a>Husk hashtag = #wpdk<\/p>\n","protected":false},"excerpt":{"rendered":"<p>Adam Jensen Dysted &amp; Jensen Alexander Juul Jakobsen Brandweb Alexia Dahl, Surftown Aline Talatinian Anette Enkeb\u00f8ll Anja Lysholm Uforklarbar Anna Kazaka Sia Aurum IT Anne Christensen Anne C. Hagedorn peytz.dk Anne Kirstine Toftvang Ankito Anne Sofie Dalsgaard Olesen Annette Q Pedersen Aws Muhsin globaltraderoom.com Bente Ravnborg earthwindsunandfire.dk Bj\u00f8rn Nielsen GAPO Bo Skakke Berlingske Media Bolette &hellip; <a href=\"https:\/\/denmark.wordcamp.org\/2014\/deltagere\/\" class=\"more-link\">Continue reading <span class=\"screen-reader-text\">Deltagere<\/span> <span class=\"meta-nav\">&rarr;<\/span><\/a><\/p>\n","protected":false},"author":50198,"featured_media":0,"parent":0,"menu_order":0,"comment_status":"closed","ping_status":"closed","template":"","meta":{"jetpack_post_was_ever_published":false,"footnotes":""},"class_list":["post-8","page","type-page","status-publish","hentry"],"jetpack_sharing_enabled":true,"_links":{"self":[{"href":"https:\/\/denmark.wordcamp.org\/2014\/wp-json\/wp\/v2\/pages\/8","targetHints":{"allow":["GET"]}}],"collection":[{"href":"https:\/\/denmark.wordcamp.org\/2014\/wp-json\/wp\/v2\/pages"}],"about":[{"href":"https:\/\/denmark.wordcamp.org\/2014\/wp-json\/wp\/v2\/types\/page"}],"author":[{"embeddable":true,"href":"https:\/\/denmark.wordcamp.org\/2014\/wp-json\/wp\/v2\/users\/50198"}],"replies":[{"embeddable":true,"href":"https:\/\/denmark.wordcamp.org\/2014\/wp-json\/wp\/v2\/comments?post=8"}],"version-history":[{"count":55,"href":"https:\/\/denmark.wordcamp.org\/2014\/wp-json\/wp\/v2\/pages\/8\/revisions"}],"predecessor-version":[{"id":442627,"href":"https:\/\/denmark.wordcamp.org\/2014\/wp-json\/wp\/v2\/pages\/8\/revisions\/442627"}],"wp:attachment":[{"href":"https:\/\/denmark.wordcamp.org\/2014\/wp-json\/wp\/v2\/media?parent=8"}],"curies":[{"name":"wp","href":"https:\/\/api.w.org\/{rel}","templated":true}]}}