{"id":10,"date":"2015-02-04T01:24:07","date_gmt":"2015-02-04T01:24:07","guid":{"rendered":"https:\/\/2015.denmark.wordcamp.org\/organizers\/"},"modified":"2015-05-21T21:03:48","modified_gmt":"2015-05-21T19:03:48","slug":"organizers","status":"publish","type":"page","link":"https:\/\/denmark.wordcamp.org\/2015\/organizers\/","title":{"rendered":"Organizers"},"content":{"rendered":"\t<div class=\"wcorg-organizers\">\n\n\t\t\n\t\t\t<div class=\"wcorg-organizer\">\n\t\t\t\t<h2>K\u00e5re Mulvad Steffensen<\/h2>\n\t\t\t\t<div class=\"wcorg-organizer-description\">\n\t\t\t\t\t\t\t\t\t\t<img alt='' src='https:\/\/secure.gravatar.com\/avatar\/984810650404cb68d9c5e69e96a36dad540d41e584600796076752189e5235cc?s=100&#038;d=mm&#038;r=g' srcset='https:\/\/secure.gravatar.com\/avatar\/984810650404cb68d9c5e69e96a36dad540d41e584600796076752189e5235cc?s=200&#038;d=mm&#038;r=g 2x' class='avatar avatar-100 photo' height='100' width='100' \/>\t\t\t\t\t<p>Jeg r\u00e5dgiver, bygger,\u00a0underviser og r\u00e5ber op om WordPress og din digitale strategi i firmaet <a href=\"http:\/\/www.dejliglama.dk\" target=\"_blank\" rel=\"nofollow\">DejligLama<\/a>. Jeg besk\u00e6ftiger mig 100% WordPress, og har gjort det i ca. 2190 dage. Kom og sig hej til mig ved Word-sporet, eller i Happiness baren!<\/p>\n<p>Mvh. K\u00e5re Mulvad Steffensen<br \/>\n<a href=\"mailto:core@dejliglama.dk\" target=\"_blank\">core@dejliglama.dk<\/a><br \/>\n@dejliglama<\/p>\n\t\t\t\t<\/div>\n\t\t\t<\/div>\n\n\t\t\n\t\t\t<div class=\"wcorg-organizer\">\n\t\t\t\t<h2>Jesper S\u00f8holm<\/h2>\n\t\t\t\t<div class=\"wcorg-organizer-description\">\n\t\t\t\t\t\t\t\t\t\t<img alt='' src='https:\/\/secure.gravatar.com\/avatar\/61405f1fa031033ae70c151b6b748ea5e3b85386dcbae48dd8b943287e9128c7?s=100&#038;d=mm&#038;r=g' srcset='https:\/\/secure.gravatar.com\/avatar\/61405f1fa031033ae70c151b6b748ea5e3b85386dcbae48dd8b943287e9128c7?s=200&#038;d=mm&#038;r=g 2x' class='avatar avatar-100 photo' height='100' width='100' \/>\t\t\t\t\t<p>Grafisk designer og webudvikler med hang til databaser. Har arbejdet med HTML siden 1995 og WordPress siden 2005 (hvilket nok mest siger noget om min alder). Siden 2011 har jeg fokuseret p\u00e5 implementering af WordPress i\u00a0mit\u00a0designfirma <a href=\"http:\/\/biberkopf.com\" target=\"_blank\">Biberkopf<\/a>.<\/p>\n<p>Jeg underviser ogs\u00e5 sporadisk i WordPress p\u00e5 Danmarks Designskole og senest p\u00e5 DJMX.<\/p>\n\t\t\t\t<\/div>\n\t\t\t<\/div>\n\n\t\t\n\t\t\t<div class=\"wcorg-organizer\">\n\t\t\t\t<h2>Mark Thomas Gazel<\/h2>\n\t\t\t\t<div class=\"wcorg-organizer-description\">\n\t\t\t\t\t\t\t\t\t\t<img alt='' src='https:\/\/secure.gravatar.com\/avatar\/3a92b2482da1c099794f7cf4e515487fd613b85145fbf1d2024226979328e473?s=100&#038;d=mm&#038;r=g' srcset='https:\/\/secure.gravatar.com\/avatar\/3a92b2482da1c099794f7cf4e515487fd613b85145fbf1d2024226979328e473?s=200&#038;d=mm&#038;r=g 2x' class='avatar avatar-100 photo' height='100' width='100' \/>\t\t\t\t\t<p>Jeg arbejder til dagligt i <a href=\"http:\/\/kubik.kk.dk\/kulturvesterbro\/\">Kulturanstalten<\/a> p\u00e5 Vesterbro i K\u00f8benhavn, hvor jeg hovedsagligt arbejder med kommunikation. Har brugt WordPress siden version 1.5.2, hvilket svarer til efter\u00e5ret 2005. Har v\u00e6ret koordinator og tovholder for WordPress Danmark siden maj 2010.<\/p>\n<p>Har v\u00e6ret med til at arrangere de fire tidligere WordCamps der har v\u00e6ret i Danmark.<\/p>\n\t\t\t\t<\/div>\n\t\t\t<\/div>\n\n\t\t\n\t\t\t<div class=\"wcorg-organizer\">\n\t\t\t\t<h2>Linda Kristiansen<\/h2>\n\t\t\t\t<div class=\"wcorg-organizer-description\">\n\t\t\t\t\t\t\t\t\t\t<img alt='' src='https:\/\/secure.gravatar.com\/avatar\/215eacc97307c262413218c220d3bf63c69b51e263c5ecd36b0282238cc566ec?s=100&#038;d=mm&#038;r=g' srcset='https:\/\/secure.gravatar.com\/avatar\/215eacc97307c262413218c220d3bf63c69b51e263c5ecd36b0282238cc566ec?s=200&#038;d=mm&#038;r=g 2x' class='avatar avatar-100 photo' height='100' width='100' \/>\t\t\t\t\t<p>Selvst\u00e6ndig med <a href=\"http:\/\/visue.dk\" target=\"_blank\">Visue<\/a> og har et meget n\u00e6rt forhold til min pc. I 2008 havde jeg nok stiftet bekendtskab med 5 andre CMS&#8217;er, men blev hovedkulds forelsket i WordPress og alle de muligheder det giver allerede ved f\u00f8rste m\u00f8de.<\/p>\n\t\t\t\t<\/div>\n\t\t\t<\/div>\n\n\t\t\n\t\t\t<div class=\"wcorg-organizer\">\n\t\t\t\t<h2>Patrick Hesselberg<\/h2>\n\t\t\t\t<div class=\"wcorg-organizer-description\">\n\t\t\t\t\t\t\t\t\t\t<img alt='' src='https:\/\/secure.gravatar.com\/avatar\/6bbf6733c209208ceba31d55df0293748c7b5f0db106a0c0e7adff0aeccbfbb1?s=100&#038;d=mm&#038;r=g' srcset='https:\/\/secure.gravatar.com\/avatar\/6bbf6733c209208ceba31d55df0293748c7b5f0db106a0c0e7adff0aeccbfbb1?s=200&#038;d=mm&#038;r=g 2x' class='avatar avatar-100 photo' height='100' width='100' \/>\t\t\t\t\t<p>WP backend\/php udvikler hos <a href=\"http:\/\/peytz.dk\/medarbejdere\/phh\" rel=\"nofollow\">Peytz &amp; Co<\/a>, samt administrator for <a href=\"https:\/\/www.facebook.com\/groups\/wordpressfan\/\">WordPress DK facebook gruppen<\/a>.<\/p>\n\t\t\t\t<\/div>\n\t\t\t<\/div>\n\n\t\t\n\t<\/div><!-- .wcorg-organizers -->\n\t\n","protected":false},"excerpt":{"rendered":"","protected":false},"author":50198,"featured_media":0,"parent":0,"menu_order":0,"comment_status":"open","ping_status":"open","template":"","meta":{"_crdt_document":"","jetpack_post_was_ever_published":false,"footnotes":""},"class_list":["post-10","page","type-page","status-publish","hentry"],"jetpack_sharing_enabled":true,"jetpack_shortlink":"https:\/\/wp.me\/P67La0-a","_links":{"self":[{"href":"https:\/\/denmark.wordcamp.org\/2015\/wp-json\/wp\/v2\/pages\/10","targetHints":{"allow":["GET"]}}],"collection":[{"href":"https:\/\/denmark.wordcamp.org\/2015\/wp-json\/wp\/v2\/pages"}],"about":[{"href":"https:\/\/denmark.wordcamp.org\/2015\/wp-json\/wp\/v2\/types\/page"}],"author":[{"embeddable":true,"href":"https:\/\/denmark.wordcamp.org\/2015\/wp-json\/wp\/v2\/users\/50198"}],"replies":[{"embeddable":true,"href":"https:\/\/denmark.wordcamp.org\/2015\/wp-json\/wp\/v2\/comments?post=10"}],"version-history":[{"count":1,"href":"https:\/\/denmark.wordcamp.org\/2015\/wp-json\/wp\/v2\/pages\/10\/revisions"}],"predecessor-version":[{"id":251,"href":"https:\/\/denmark.wordcamp.org\/2015\/wp-json\/wp\/v2\/pages\/10\/revisions\/251"}],"wp:attachment":[{"href":"https:\/\/denmark.wordcamp.org\/2015\/wp-json\/wp\/v2\/media?parent=10"}],"curies":[{"name":"wp","href":"https:\/\/api.w.org\/{rel}","templated":true}]}}

<div class="wcorg-organizers">

		
			<div class="wcorg-organizer">
				<h2>Kåre Mulvad Steffensen</h2>
				<div class="wcorg-organizer-description">
										<img alt='' src='https://secure.gravatar.com/avatar/984810650404cb68d9c5e69e96a36dad540d41e584600796076752189e5235cc?s=100&#038;d=mm&#038;r=g' srcset='https://secure.gravatar.com/avatar/984810650404cb68d9c5e69e96a36dad540d41e584600796076752189e5235cc?s=200&#038;d=mm&#038;r=g 2x' class='avatar avatar-100 photo' height='100' width='100' />					<p>Jeg rådgiver, bygger, underviser og råber op om WordPress og din digitale strategi i firmaet <a href="http://www.dejliglama.dk" target="_blank" rel="nofollow">DejligLama</a>. Jeg beskæftiger mig 100% WordPress, og har gjort det i ca. 2190 dage. Kom og sig hej til mig ved Word-sporet, eller i Happiness baren!</p>
<p>Mvh. Kåre Mulvad Steffensen<br />
<a href="mailto:core@dejliglama.dk" target="_blank">core@dejliglama.dk</a><br />
@dejliglama</p>
				</div>
			</div>

		
			<div class="wcorg-organizer">
				<h2>Jesper Søholm</h2>
				<div class="wcorg-organizer-description">
										<img alt='' src='https://secure.gravatar.com/avatar/61405f1fa031033ae70c151b6b748ea5e3b85386dcbae48dd8b943287e9128c7?s=100&#038;d=mm&#038;r=g' srcset='https://secure.gravatar.com/avatar/61405f1fa031033ae70c151b6b748ea5e3b85386dcbae48dd8b943287e9128c7?s=200&#038;d=mm&#038;r=g 2x' class='avatar avatar-100 photo' height='100' width='100' />					<p>Grafisk designer og webudvikler med hang til databaser. Har arbejdet med HTML siden 1995 og WordPress siden 2005 (hvilket nok mest siger noget om min alder). Siden 2011 har jeg fokuseret på implementering af WordPress i mit designfirma <a href="http://biberkopf.com" target="_blank">Biberkopf</a>.</p>
<p>Jeg underviser også sporadisk i WordPress på Danmarks Designskole og senest på DJMX.</p>
				</div>
			</div>

		
			<div class="wcorg-organizer">
				<h2>Mark Thomas Gazel</h2>
				<div class="wcorg-organizer-description">
										<img alt='' src='https://secure.gravatar.com/avatar/3a92b2482da1c099794f7cf4e515487fd613b85145fbf1d2024226979328e473?s=100&#038;d=mm&#038;r=g' srcset='https://secure.gravatar.com/avatar/3a92b2482da1c099794f7cf4e515487fd613b85145fbf1d2024226979328e473?s=200&#038;d=mm&#038;r=g 2x' class='avatar avatar-100 photo' height='100' width='100' />					<p>Jeg arbejder til dagligt i <a href="http://kubik.kk.dk/kulturvesterbro/">Kulturanstalten</a> på Vesterbro i København, hvor jeg hovedsagligt arbejder med kommunikation. Har brugt WordPress siden version 1.5.2, hvilket svarer til efteråret 2005. Har været koordinator og tovholder for WordPress Danmark siden maj 2010.</p>
<p>Har været med til at arrangere de fire tidligere WordCamps der har været i Danmark.</p>
				</div>
			</div>

		
			<div class="wcorg-organizer">
				<h2>Linda Kristiansen</h2>
				<div class="wcorg-organizer-description">
										<img alt='' src='https://secure.gravatar.com/avatar/215eacc97307c262413218c220d3bf63c69b51e263c5ecd36b0282238cc566ec?s=100&#038;d=mm&#038;r=g' srcset='https://secure.gravatar.com/avatar/215eacc97307c262413218c220d3bf63c69b51e263c5ecd36b0282238cc566ec?s=200&#038;d=mm&#038;r=g 2x' class='avatar avatar-100 photo' height='100' width='100' />					<p>Selvstændig med <a href="http://visue.dk" target="_blank">Visue</a> og har et meget nært forhold til min pc. I 2008 havde jeg nok stiftet bekendtskab med 5 andre CMS&#8217;er, men blev hovedkulds forelsket i WordPress og alle de muligheder det giver allerede ved første møde.</p>
				</div>
			</div>

		
			<div class="wcorg-organizer">
				<h2>Patrick Hesselberg</h2>
				<div class="wcorg-organizer-description">
										<img alt='' src='https://secure.gravatar.com/avatar/6bbf6733c209208ceba31d55df0293748c7b5f0db106a0c0e7adff0aeccbfbb1?s=100&#038;d=mm&#038;r=g' srcset='https://secure.gravatar.com/avatar/6bbf6733c209208ceba31d55df0293748c7b5f0db106a0c0e7adff0aeccbfbb1?s=200&#038;d=mm&#038;r=g 2x' class='avatar avatar-100 photo' height='100' width='100' />					<p>WP backend/php udvikler hos <a href="http://peytz.dk/medarbejdere/phh" rel="nofollow">Peytz &amp; Co</a>, samt administrator for <a href="https://www.facebook.com/groups/wordpressfan/">WordPress DK facebook gruppen</a>.</p>
				</div>
			</div>

		
	</div><!-- .wcorg-organizers -->
