{"id":7,"date":"2015-02-04T01:24:07","date_gmt":"2015-02-04T01:24:07","guid":{"rendered":"https:\/\/2015.denmark.wordcamp.org\/sessions\/"},"modified":"2015-10-08T09:37:44","modified_gmt":"2015-10-08T07:37:44","slug":"sessions","status":"publish","type":"page","link":"https:\/\/denmark.wordcamp.org\/2015\/sessions\/","title":{"rendered":"Opl\u00e6ggene fra WordCamp 2015"},"content":{"rendered":"<p>Her samler vi\u00a0links til pr\u00e6sentationerne fra WordCamp \u00a0Danmark 2015<\/p>\n\n\t<div class=\"wcorg-sessions\">\n\t\t\n\t\t\t<div id=\"wcorg-session-780\" class=\"wcorg-session\" >\n\t\t\t\t<h2>\n\t\t\t\t\t8 fejl selv garvede online iv\u00e6rks\u00e6ttere beg\u00e5r\t\t\t\t<\/h2>\n\n\t\t\t\t<div class=\"wcorg-session-description\">\n\t\t\t\t\t\t\t\t\t\t\t\t\t\t\t\t\t\t\t\t<p><span style=\"font-weight: 400\">L\u00e6r de 8 fejl selv garvede online iv\u00e6rks\u00e6ttere beg\u00e5r og hvordan du tjener penge p\u00e5 at undg\u00e5 dem! <\/span><\/p>\n<p><span style=\"font-weight: 400\">P\u00e5 45\u00a0min\u00a0l\u00e6rer du hvordan du f\u00e5r succes med din online business i kombination med at bruge WordPress.<\/span><\/p>\n\n\t\t\t\t\t\t\t\t\t\t\t<ul class=\"wcorg-session-links\">\n\t\t\t\t\t\t\t\t\t\t\t\t\t\t\t<li>\n\t\t\t\t\t\t\t\t\t<a href=\"https:\/\/2015.denmark.wordcamp.org\/files\/2015\/09\/Ricco-Mortensen-Online-Marketing-Seminar-DA-WordPress-camp.pdf\">\n\t\t\t\t\t\t\t\t\t\tSlides\t\t\t\t\t\t\t\t\t<\/a>\n\t\t\t\t\t\t\t\t<\/li>\n\t\t\t\t\t\t\t\t\t\t\t\t\t\t\t<li>\n\t\t\t\t\t\t\t\t\t<a href=\"http:\/\/wordpress.tv\/2015\/10\/26\/ricco-mortensen-8-fejl-selv-garvede-online-ivaerksaettere-begar\">\n\t\t\t\t\t\t\t\t\t\tVideo\t\t\t\t\t\t\t\t\t<\/a>\n\t\t\t\t\t\t\t\t<\/li>\n\t\t\t\t\t\t\t\t\t\t\t\t\t<\/ul>\n\t\t\t\t\t\t\t\t\t<\/div>\n\t\t\t<\/div>\n\n\t\t\n\t\t\t<div id=\"wcorg-session-830\" class=\"wcorg-session\" >\n\t\t\t\t<h2>\n\t\t\t\t\tS\u00e5dan kom recordere.dk p\u00e5 WordPress\t\t\t\t<\/h2>\n\n\t\t\t\t<div class=\"wcorg-session-description\">\n\t\t\t\t\t\t\t\t\t\t\t\t\t\t\t\t\t\t\t\t<p>Hvordan konverterede recordere.dk fra et IIS \/ .net baseret CMS til WordPress, og hvordan sikrede vi at performance forblev h\u00f8j, og svartider lave. Recordere.dk k\u00f8rer et setup med op til 500 samtidige brugere, og bruger b\u00e5de Varnish og Cloudflare for at sikre god performance.<\/p>\n<p>Jens vil gennemg\u00e5 deres nuv\u00e6rende setup, og hvordan man konverterede indhold til den nye platform.<\/p>\n\n\t\t\t\t\t\t\t\t\t\t\t<ul class=\"wcorg-session-links\">\n\t\t\t\t\t\t\t\t\t\t\t\t\t\t\t<li>\n\t\t\t\t\t\t\t\t\t<a href=\"https:\/\/2015.denmark.wordcamp.org\/files\/2015\/09\/Wordcamp-2015.pdf\">\n\t\t\t\t\t\t\t\t\t\tSlides\t\t\t\t\t\t\t\t\t<\/a>\n\t\t\t\t\t\t\t\t<\/li>\n\t\t\t\t\t\t\t\t\t\t\t\t\t\t\t<li>\n\t\t\t\t\t\t\t\t\t<a href=\"http:\/\/wordpress.tv\/2015\/12\/08\/jens-e-hummelmose-sadan-kom-recordere-dk-pa-wordpress\/\">\n\t\t\t\t\t\t\t\t\t\tVideo\t\t\t\t\t\t\t\t\t<\/a>\n\t\t\t\t\t\t\t\t<\/li>\n\t\t\t\t\t\t\t\t\t\t\t\t\t<\/ul>\n\t\t\t\t\t\t\t\t\t<\/div>\n\t\t\t<\/div>\n\n\t\t\n\t\t\t<div id=\"wcorg-session-824\" class=\"wcorg-session\" >\n\t\t\t\t<h2>\n\t\t\t\t\tWP Core &#8211; Hvor er vi p\u00e5 vej hen?\t\t\t\t<\/h2>\n\n\t\t\t\t<div class=\"wcorg-session-description\">\n\t\t\t\t\t\t\t\t\t\t\t\t\t\t\t\t\t\t\t\t<p>WordPress communitiet\u00a0har gennem de seneste \u00e5r gjort meget for, at vi kan f\u00f8lge med i hvad der sker. Bare sidste \u00e5r valgte de at g\u00e5 fra IRC til Slack &#8211; noget som fik antal deltagere til disse Core m\u00f8der til at stige drastisk.<\/p>\n<p>Make WordPress bloggene har i stor grad hjulpen til at man kan holde sig i loopet. S\u00e6rligt <a href=\"https:\/\/make.wordpress.org\/core\/\">core bloggen<\/a>\u00a0giver et godt indblik i, hvad der sker i core og hvad vi kan forvente.<\/p>\n<p>Er du ikke opdateret p\u00e5 de\u00a0problemer WordPress har haft med shortcodes, eller ved hvad &#8220;the taxonomy roadmap&#8221; g\u00e5r ud p\u00e5, s\u00e5 er dette en pr\u00e6sentation om, hvad der er sket i WordPress core, og hvad vi kan forvente i fremtiden.<\/p>\n\n\t\t\t\t\t\t\t\t\t\t\t<ul class=\"wcorg-session-links\">\n\t\t\t\t\t\t\t\t\t\t\t\t\t\t\t<li>\n\t\t\t\t\t\t\t\t\t<a href=\"http:\/\/slides.com\/patrickholberghesselberg\/wp-core-hvor-skal-vi-hen\/\">\n\t\t\t\t\t\t\t\t\t\tSlides\t\t\t\t\t\t\t\t\t<\/a>\n\t\t\t\t\t\t\t\t<\/li>\n\t\t\t\t\t\t\t\t\t\t\t\t\t\t\t<li>\n\t\t\t\t\t\t\t\t\t<a href=\"http:\/\/wordpress.tv\/2015\/12\/08\/patrick-hesselberg-wp-core-hvor-er-vi-pa-vej-hen\/\">\n\t\t\t\t\t\t\t\t\t\tVideo\t\t\t\t\t\t\t\t\t<\/a>\n\t\t\t\t\t\t\t\t<\/li>\n\t\t\t\t\t\t\t\t\t\t\t\t\t<\/ul>\n\t\t\t\t\t\t\t\t\t<\/div>\n\t\t\t<\/div>\n\n\t\t\n\t\t\t<div id=\"wcorg-session-822\" class=\"wcorg-session\" >\n\t\t\t\t<h2>\n\t\t\t\t\tWordPress lokal udvikling til produktion\t\t\t\t<\/h2>\n\n\t\t\t\t<div class=\"wcorg-session-description\">\n\t\t\t\t\t\t\t\t\t\t\t\t\t\t\t\t\t\t\t\t<p>Det er nemt at installere og anvende WordPress i hverdagen. Du kan se \u00e6ndringer med det samme, du klikker p\u00e5 opdater, og du kan skifte tema og tilf\u00f8je plugins med et enkelt klik. Men du kan ogs\u00e5 se med det samme, n\u00e5r noget g\u00e5r HELT GALT, og dit website g\u00e5r i sort (eller hvidt), efter at du har installeret et tilsyneladende harml\u00f8st plugin.<\/p>\n<p>I dette opl\u00e6g viser jeg dig, hvordan du med fordel kan installere WordPress lokalt p\u00e5 din egen computer og nemt migrere det til dit webhotel ved hj\u00e6lp af programmet DesktopServer. Jeg viser ogs\u00e5, hvordan du kan synkronisere to WordPress-databaser ved hj\u00e6lp af WP Migrate DB Pro.<\/p>\n<p>(Dansk)<\/p>\n\n\t\t\t\t\t\t\t\t\t\t\t<ul class=\"wcorg-session-links\">\n\t\t\t\t\t\t\t\t\t\t\t\t\t\t\t<li>\n\t\t\t\t\t\t\t\t\t<a href=\"http:\/\/www.slideshare.net\/sopper\/wordpress-lokal-udvikling-til-produktion\">\n\t\t\t\t\t\t\t\t\t\tSlides\t\t\t\t\t\t\t\t\t<\/a>\n\t\t\t\t\t\t\t\t<\/li>\n\t\t\t\t\t\t\t\t\t\t\t\t\t\t\t<li>\n\t\t\t\t\t\t\t\t\t<a href=\"http:\/\/wordpress.tv\/2015\/12\/07\/torben-heikel-vinther-wp-lokal-udvikling-til-produktion\/\">\n\t\t\t\t\t\t\t\t\t\tVideo\t\t\t\t\t\t\t\t\t<\/a>\n\t\t\t\t\t\t\t\t<\/li>\n\t\t\t\t\t\t\t\t\t\t\t\t\t<\/ul>\n\t\t\t\t\t\t\t\t\t<\/div>\n\t\t\t<\/div>\n\n\t\t\n\t\t\t<div id=\"wcorg-session-820\" class=\"wcorg-session\" >\n\t\t\t\t<h2>\n\t\t\t\t\tHurtigere websites med simple optimeringer\t\t\t\t<\/h2>\n\n\t\t\t\t<div class=\"wcorg-session-description\">\n\t\t\t\t\t\t\t\t\t\t\t\t\t\t\t\t\t\t\t\t<p>I min pr\u00e6sentation vil jeg give eksempler p\u00e5 simple optimeringer, som kan g\u00f8re dit WordPress site hurtigere. Jeg vil desuden komme ind p\u00e5 hvordan man tester, samt monitorerer performance niveauet p\u00e5 sit WordPress site.<\/p>\n<p>Du vil g\u00e5 fra pr\u00e6sentationen med en v\u00e6rkt\u00f8jskasse, fyldt med gode r\u00e5d til hvordan du kan g\u00f8re dit website hurtigere.<\/p>\n<p>Pr\u00e6sentationen er teknisk, men alle som har arbejdet med et website f\u00f8r, vil kunne f\u00f8lge med.<\/p>\n\n\t\t\t\t\t\t\t\t\t\t\t<ul class=\"wcorg-session-links\">\n\t\t\t\t\t\t\t\t\t\t\t\t\t\t\t<li>\n\t\t\t\t\t\t\t\t\t<a href=\"http:\/\/pdf.digicure.dk\/tobias-borg-petersen-hurtigere-websites.pdf\">\n\t\t\t\t\t\t\t\t\t\tSlides\t\t\t\t\t\t\t\t\t<\/a>\n\t\t\t\t\t\t\t\t<\/li>\n\t\t\t\t\t\t\t\t\t\t\t\t\t\t\t<li>\n\t\t\t\t\t\t\t\t\t<a href=\"http:\/\/wordpress.tv\/2015\/12\/08\/tobias-borg-petersen-hurtigere-websites-med-simple-optimeringer\/\">\n\t\t\t\t\t\t\t\t\t\tVideo\t\t\t\t\t\t\t\t\t<\/a>\n\t\t\t\t\t\t\t\t<\/li>\n\t\t\t\t\t\t\t\t\t\t\t\t\t<\/ul>\n\t\t\t\t\t\t\t\t\t<\/div>\n\t\t\t<\/div>\n\n\t\t\n\t\t\t<div id=\"wcorg-session-818\" class=\"wcorg-session\" >\n\t\t\t\t<h2>\n\t\t\t\t\tPreparing the post-mobile UX\t\t\t\t<\/h2>\n\n\t\t\t\t<div class=\"wcorg-session-description\">\n\t\t\t\t\t\t\t\t\t\t\t\t\t\t\t\t\t\t\t\t<p>If you thought responsive design was the long awaited solution for cross-device web design and UX, it&#8217;s not. With mobile access overtaking desktop, and the rise of emerging devices, responsive has been and still is a successful transition from fixed to adaptable layout and content management. But what&#8217;s next?<\/p>\n<p>We will see how developers, designers and users are approaching the evolution of today&#8217;s content and experience, as well as the achievements and limitations of multi-channel design. Also, with Core 4.4 as a milestone, we will see how WordPress prepares its front-end transition with its new theme Twenty Sixteen and the integration of the Rest API.&#8221;<\/p>\n<p>(English)<\/p>\n\n\t\t\t\t\t\t\t\t\t\t\t<ul class=\"wcorg-session-links\">\n\t\t\t\t\t\t\t\t\t\t\t\t\t\t\t<li>\n\t\t\t\t\t\t\t\t\t<a href=\"http:\/\/slides.com\/kristoffebiglete\/postmobile-wordcamp2015#\/\">\n\t\t\t\t\t\t\t\t\t\tSlides\t\t\t\t\t\t\t\t\t<\/a>\n\t\t\t\t\t\t\t\t<\/li>\n\t\t\t\t\t\t\t\t\t\t\t\t\t\t\t<li>\n\t\t\t\t\t\t\t\t\t<a href=\"http:\/\/wordpress.tv\/2015\/12\/09\/kristoffe-biglete-preparing-the-post-mobile-ux\/\">\n\t\t\t\t\t\t\t\t\t\tVideo\t\t\t\t\t\t\t\t\t<\/a>\n\t\t\t\t\t\t\t\t<\/li>\n\t\t\t\t\t\t\t\t\t\t\t\t\t<\/ul>\n\t\t\t\t\t\t\t\t\t<\/div>\n\t\t\t<\/div>\n\n\t\t\n\t\t\t<div id=\"wcorg-session-816\" class=\"wcorg-session\" >\n\t\t\t\t<h2>\n\t\t\t\t\tG\u00f8r WordPress tilg\u00e6ngelig for alle\t\t\t\t<\/h2>\n\n\t\t\t\t<div class=\"wcorg-session-description\">\n\t\t\t\t\t\t\t\t\t\t\t\t\t\t\t\t\t\t\t\t<p>Op mod 10% af befolkningen har nedsat funktionsevne i en s\u00e5dan grad, at det g\u00f8r dem handicappede i hverdagen. De har mere end sv\u00e6rt ved at navigere p\u00e5 og forst\u00e5 en hjemmeside, hvis den ikke opfylder g\u00e6ngse webstandarder. Det er synd for disse brugere, og dumt af dem som ejer de utilg\u00e6ngelige hjemmesider.<\/p>\n<p>I dette opl\u00e6g giver jeg en introduktion til hvad tilg\u00e6ngelig er og hvorfor det er vigtigt. Jeg kommer ogs\u00e5 ind p\u00e5, hvordan WordPress har det med tilg\u00e6ngelighed, og ikke mindst hvad du selv kan g\u00f8re for at g\u00f8re WordPress tilg\u00e6ngelig for alle.<\/p>\n<p>(Dansk)<\/p>\n\n\t\t\t\t\t\t\t\t\t\t\t<ul class=\"wcorg-session-links\">\n\t\t\t\t\t\t\t\t\t\t\t\t\t\t\t<li>\n\t\t\t\t\t\t\t\t\t<a href=\"http:\/\/www.slideshare.net\/sopper\/gr-wordpress-tilgngelig-for-alle\">\n\t\t\t\t\t\t\t\t\t\tSlides\t\t\t\t\t\t\t\t\t<\/a>\n\t\t\t\t\t\t\t\t<\/li>\n\t\t\t\t\t\t\t\t\t\t\t\t\t\t\t<li>\n\t\t\t\t\t\t\t\t\t<a href=\"http:\/\/wordpress.tv\/2015\/12\/07\/torben-heikel-vinther-gor-wp-tilgaengelig-for-alle\/\">\n\t\t\t\t\t\t\t\t\t\tVideo\t\t\t\t\t\t\t\t\t<\/a>\n\t\t\t\t\t\t\t\t<\/li>\n\t\t\t\t\t\t\t\t\t\t\t\t\t<\/ul>\n\t\t\t\t\t\t\t\t\t<\/div>\n\t\t\t<\/div>\n\n\t\t\n\t\t\t<div id=\"wcorg-session-803\" class=\"wcorg-session\" >\n\t\t\t\t<h2>\n\t\t\t\t\tNetv\u00e6rkssession (Word + Press)\t\t\t\t<\/h2>\n\n\t\t\t\t<div class=\"wcorg-session-description\">\n\t\t\t\t\t\t\t\t\t\t\t\t\t\t\t\t\t\t\t\t<p>Til Wordcamp samles det danske WordPress community og det er en fantastisk lejlighed til at dele viden og erfaringer &#8211; s\u00e5 i denne netv\u00e6rkssession skal vi i en struktureret form dele viden, erfaringer og tanker om WordPress, m\u00e5ske kan du finde nye samarbejdspartnere eller s\u00e6tte temaer p\u00e5 dagsordenen til kommende meetups.<\/p>\n<p>Du vil komme til at m\u00f8de mange af de andre deltagere til WordCamp, f\u00e5 et overblik over hvem der er i det danske WordPress community og hvad de g\u00e5r og laver for tiden. M\u00e5ske m\u00f8der du nogen, der lige har fundet svaret p\u00e5 det problem, du roder med for tiden? Nogen der arbejder med det samme, eller er interesserede i at l\u00e6re noget om samme emne?<\/p>\n\n\t\t\t\t\t\t\t\t\t<\/div>\n\t\t\t<\/div>\n\n\t\t\n\t\t\t<div id=\"wcorg-session-786\" class=\"wcorg-session\" >\n\t\t\t\t<h2>\n\t\t\t\t\tBliv mester i WordPress WooCommerce betalingsl\u00f8sninger &#8211; en gang for alle\t\t\t\t<\/h2>\n\n\t\t\t\t<div class=\"wcorg-session-description\">\n\t\t\t\t\t\t\t\t\t\t\t\t\t\t\t\t\t\t\t\t<p>Med de mange <span class=\"lG\">betalingsl\u00f8sninger<\/span> der findes til <span class=\"lG\">WooCommerce<\/span> og andre shop systemer er det efter h\u00e5nden sv\u00e6rt for mange at gennemskue hvad der giver mening.<\/p>\n<p>Jeg vil derfor gennemg\u00e5 hvilke <span class=\"lG\">betalingsl\u00f8sninger<\/span> der findes til <span class=\"lG\">WooCommerce<\/span>.<br \/>\nHerefter klarligge hvilke fordele og ulemper de mest kendte besidder inden jeg viser hvordan man s\u00e6tter en <span class=\"lG\">betalingsl\u00f8sninger<\/span> op direkte p\u00e5 siden med SSL og integreret <span class=\"lG\">betaling<\/span>.<\/p>\n\n\t\t\t\t\t\t\t\t\t\t\t<ul class=\"wcorg-session-links\">\n\t\t\t\t\t\t\t\t\t\t\t\t\t\t\t<li>\n\t\t\t\t\t\t\t\t\t<a href=\"https:\/\/2015.denmark.wordcamp.org\/files\/2015\/09\/bliv_mester_i_online_betalingsl\u00f8sninger_wordcamp_2015.pdf\">\n\t\t\t\t\t\t\t\t\t\tSlides\t\t\t\t\t\t\t\t\t<\/a>\n\t\t\t\t\t\t\t\t<\/li>\n\t\t\t\t\t\t\t\t\t\t\t\t\t\t\t<li>\n\t\t\t\t\t\t\t\t\t<a href=\"http:\/\/wordpress.tv\/2015\/10\/26\/mikkel-rommelhoff-bliv-mester-i-online-betalingslosninger\/\">\n\t\t\t\t\t\t\t\t\t\tVideo\t\t\t\t\t\t\t\t\t<\/a>\n\t\t\t\t\t\t\t\t<\/li>\n\t\t\t\t\t\t\t\t\t\t\t\t\t<\/ul>\n\t\t\t\t\t\t\t\t\t<\/div>\n\t\t\t<\/div>\n\n\t\t\n\t\t\t<div id=\"wcorg-session-784\" class=\"wcorg-session\" >\n\t\t\t\t<h2>\n\t\t\t\t\tHusk nu ogs\u00e5 den manuelle backup!\t\t\t\t<\/h2>\n\n\t\t\t\t<div class=\"wcorg-session-description\">\n\t\t\t\t\t\t\t\t\t\t\t\t\t\t\t\t\t\t\t\t<p><span style=\"font-weight: 400\">Mange f\u00e5r udarbejdet en hjemmeside til flere tusinde kroner, men glemmer backup&#8230; De satser p\u00e5 at webhotellet klarer det for dem, men webhotellet har kun backup i en begr\u00e6nset periode og faktisk kan deres deres backup-system fejle&#8230; der findes ogs\u00e5 plugins, der automatisk tager backup af din side, men bliver de ikke vedligeholdt, s\u00e5 kan de ogs\u00e5 fejle. <\/span><\/p>\n<p><span style=\"font-weight: 400\">Skal du lave en st\u00f8rre opdatering p\u00e5 din side, s\u00e5 er det altid en rigtig god id\u00e9 at tage en manuel backup inden du p\u00e5begynder arbejdet &#8211; og det er slet ikke sv\u00e6rt eller voldsomt tidskr\u00e6vende. <\/span><\/p>\n<p><span style=\"font-weight: 400\">Jeg vil gennemg\u00e5 hvordan man g\u00f8r + fort\u00e6lle lidt om hvad man kan g\u00f8re, hvis man har glemt det og er blevet hacket&#8230;<\/span><\/p>\n\n\t\t\t\t\t\t\t\t\t\t\t<ul class=\"wcorg-session-links\">\n\t\t\t\t\t\t\t\t\t\t\t\t\t\t\t<li>\n\t\t\t\t\t\t\t\t\t<a href=\"https:\/\/visue.dk\/back-up\/\">\n\t\t\t\t\t\t\t\t\t\tSlides\t\t\t\t\t\t\t\t\t<\/a>\n\t\t\t\t\t\t\t\t<\/li>\n\t\t\t\t\t\t\t\t\t\t\t\t\t\t\t<li>\n\t\t\t\t\t\t\t\t\t<a href=\"http:\/\/wordpress.tv\/2015\/10\/21\/linda-kristiansen-husk-nu-den-manuelle-backup\/\">\n\t\t\t\t\t\t\t\t\t\tVideo\t\t\t\t\t\t\t\t\t<\/a>\n\t\t\t\t\t\t\t\t<\/li>\n\t\t\t\t\t\t\t\t\t\t\t\t\t<\/ul>\n\t\t\t\t\t\t\t\t\t<\/div>\n\t\t\t<\/div>\n\n\t\t\n\t\t\t<div id=\"wcorg-session-778\" class=\"wcorg-session\" >\n\t\t\t\t<h2>\n\t\t\t\t\tLIVE Happiness bar\t\t\t\t<\/h2>\n\n\t\t\t\t<div class=\"wcorg-session-description\">\n\t\t\t\t\t\t\t\t\t\t\t\t\t\t\t\t\t\t\t\t<p>Kom og f\u00e5 hj\u00e6lp med DIT WordPress sites udfordringer.<\/p>\n<p>Vi forts\u00e6tter den uformelle tone fra Happinessbaren og tager en LIVE\u00a0session med probleml\u00f8ser-hatten p\u00e5!<\/p>\n<p>Det er simpelt; DU stiller et sp\u00f8rgsm\u00e5l, viser en udfordring med dit site, og vi debatere og kommer med en l\u00f8sning on-stage.<\/p>\n\n\t\t\t\t\t\t\t\t\t\t\t<ul class=\"wcorg-session-links\">\n\t\t\t\t\t\t\t\t\t\t\t\t\t\t\t<li>\n\t\t\t\t\t\t\t\t\t<a href=\"http:\/\/wordpress.tv\/2015\/10\/26\/kare-mulvad-steffensen-and-linda-kristiansen-live-happiness-bar\/\">\n\t\t\t\t\t\t\t\t\t\tVideo\t\t\t\t\t\t\t\t\t<\/a>\n\t\t\t\t\t\t\t\t<\/li>\n\t\t\t\t\t\t\t\t\t\t\t\t\t<\/ul>\n\t\t\t\t\t\t\t\t\t<\/div>\n\t\t\t<\/div>\n\n\t\t\n\t\t\t<div id=\"wcorg-session-583\" class=\"wcorg-session\" >\n\t\t\t\t<h2>\n\t\t\t\t\tWordPress for charities &#8211; The Gift that keeps on giving\t\t\t\t<\/h2>\n\n\t\t\t\t<div class=\"wcorg-session-description\">\n\t\t\t\t\t\t\t\t\t\t\t\t\t\t\t\t\t\t\t\t<p><span style=\"font-size: large\">If you&#8217;ll join my session at WordCamp Denmark, you&#8217;ll hear about how my passion for WordPress helped me create an online presence for our family project turned multinational charity program and landed me my dream job, helping to protect WordPress sites at <a href=\"https:\/\/sucuri.net\" target=\"_blank\">Sucuri<\/a>. <\/span><\/p>\n<p><span style=\"font-size: large\">I<\/span><span style=\"font-size: large\">t opened opportunities, allows me to work remotely for an American company, while also providing enough time to manage the volunteers behind the <a href=\"http:\/\/www.shoebox.ro\/despre\/shoebox\/\" target=\"_blank\">ShoeBox Romania Project<\/a>. <\/span><\/p>\n<p><span style=\"font-size: large\">Oh, and did I mention we&#8217;re currently looking for great WordPress security passionate folks to join our global remote team?<\/span><\/p>\n<p>&nbsp;<\/p>\n<p>&nbsp;<\/p>\n<p><a href=\"https:\/\/www.youtube.com\/watch?v=ZSICqZrP08s\">VIDEO of the presentation<\/a><\/p>\n\n\t\t\t\t\t\t\t\t\t\t\t<ul class=\"wcorg-session-links\">\n\t\t\t\t\t\t\t\t\t\t\t\t\t\t\t<li>\n\t\t\t\t\t\t\t\t\t<a href=\"http:\/\/www.slideshare.net\/adspedia\/how-having-my-sit-ehacked-opened-up-possibilities-for-my-stayathome-job\">\n\t\t\t\t\t\t\t\t\t\tSlides\t\t\t\t\t\t\t\t\t<\/a>\n\t\t\t\t\t\t\t\t<\/li>\n\t\t\t\t\t\t\t\t\t\t\t\t\t\t\t<li>\n\t\t\t\t\t\t\t\t\t<a href=\"http:\/\/wordpress.tv\/2015\/10\/20\/valentin-vesa-wordpress-for-charities-the-gift-that-keeps-on-giving\/\">\n\t\t\t\t\t\t\t\t\t\tVideo\t\t\t\t\t\t\t\t\t<\/a>\n\t\t\t\t\t\t\t\t<\/li>\n\t\t\t\t\t\t\t\t\t\t\t\t\t<\/ul>\n\t\t\t\t\t\t\t\t\t<\/div>\n\t\t\t<\/div>\n\n\t\t\n\t\t\t<div id=\"wcorg-session-732\" class=\"wcorg-session\" >\n\t\t\t\t<h2>\n\t\t\t\t\tPodcast med WordPress\t\t\t\t<\/h2>\n\n\t\t\t\t<div class=\"wcorg-session-description\">\n\t\t\t\t\t\t\t\t\t\t\t\t\t\t\t\t\t\t\t\t<div><span class=\"lG\">WordPress<\/span> er mange podcasteres foretrukne platform.<\/div>\n<div><\/div>\n<div>Mediet er nu 10 \u00e5r gammelt. Brugerne er blevet mere mobile, og stadig flere henter <span class=\"lG\">podcasts<\/span> gennem apps. Men stadig er det vigtigt at kunne oprette og vedligeholde et validt rss-feed.<\/div>\n\n\t\t\t\t\t\t\t\t\t\t\t<ul class=\"wcorg-session-links\">\n\t\t\t\t\t\t\t\t\t\t\t\t\t\t\t<li>\n\t\t\t\t\t\t\t\t\t<a href=\"http:\/\/www.slideshare.net\/karinhoegh\/wordcamp-danmark-ituniversitetet-oktober-2015\">\n\t\t\t\t\t\t\t\t\t\tSlides\t\t\t\t\t\t\t\t\t<\/a>\n\t\t\t\t\t\t\t\t<\/li>\n\t\t\t\t\t\t\t\t\t\t\t\t\t\t\t<li>\n\t\t\t\t\t\t\t\t\t<a href=\"http:\/\/wordpress.tv\/2015\/10\/26\/karin-hogh-podcast-med-wordpress\/\">\n\t\t\t\t\t\t\t\t\t\tVideo\t\t\t\t\t\t\t\t\t<\/a>\n\t\t\t\t\t\t\t\t<\/li>\n\t\t\t\t\t\t\t\t\t\t\t\t\t<\/ul>\n\t\t\t\t\t\t\t\t\t<\/div>\n\t\t\t<\/div>\n\n\t\t\n\t\t\t<div id=\"wcorg-session-730\" class=\"wcorg-session\" >\n\t\t\t\t<h2>\n\t\t\t\t\tOptimering af billeder i WordPress\t\t\t\t<\/h2>\n\n\t\t\t\t<div class=\"wcorg-session-description\">\n\t\t\t\t\t\t\t\t\t\t\t\t\t\t\t\t\t\t\t\t<div>Et billede siger som bekendt mere end 1000 ord, s\u00e5 selvf\u00f8lgelig skal du bruge billeder p\u00e5 dit WordPress-website. WordPress kan en masse smarte ting med billeder ud af boksen, men inden du overf\u00f8rer dine h\u00f8jopl\u00f8selige billeder fra din smartphone, s\u00e5 er der en r\u00e6kke ting du b\u00f8r v\u00e6re opm\u00e6rksom p\u00e5. Du b\u00f8r fx v\u00e6re bevidst om filst\u00f8rrelse, navngivning, lagring, metadata og temaets brug af billeder.<\/div>\n<div><\/div>\n<div>I dette opl\u00e6g giver jeg dig nogle bud p\u00e5, hvordan du kan skabe et godt workflow fra klarg\u00f8ring af billeder inden de uploades, til hvordan du kan optimere h\u00e5ndteringen i WordPress ved brug af sund fornuft og smarte plugins. Jeg undg\u00e5r ikke helt at komme ind p\u00e5 lidt teknik, men alle kan v\u00e6re med uanset tekniske foruds\u00e6tninger.<\/div>\n\n\t\t\t\t\t\t\t\t\t\t\t<ul class=\"wcorg-session-links\">\n\t\t\t\t\t\t\t\t\t\t\t\t\t\t\t<li>\n\t\t\t\t\t\t\t\t\t<a href=\"http:\/\/www.slideshare.net\/sopper\/optimering-af-billeder-i-wordpress\">\n\t\t\t\t\t\t\t\t\t\tSlides\t\t\t\t\t\t\t\t\t<\/a>\n\t\t\t\t\t\t\t\t<\/li>\n\t\t\t\t\t\t\t\t\t\t\t\t\t\t\t<li>\n\t\t\t\t\t\t\t\t\t<a href=\"http:\/\/wordpress.tv\/2015\/12\/09\/torben-heikel-vinther-optimering-af-billeder-i-wordpress-2\/\">\n\t\t\t\t\t\t\t\t\t\tVideo\t\t\t\t\t\t\t\t\t<\/a>\n\t\t\t\t\t\t\t\t<\/li>\n\t\t\t\t\t\t\t\t\t\t\t\t\t<\/ul>\n\t\t\t\t\t\t\t\t\t<\/div>\n\t\t\t<\/div>\n\n\t\t\n\t\t\t<div id=\"wcorg-session-769\" class=\"wcorg-session\" >\n\t\t\t\t<h2>\n\t\t\t\t\tEt kig ned i min v\u00e6rkt\u00f8jskasse\t\t\t\t<\/h2>\n\n\t\t\t\t<div class=\"wcorg-session-description\">\n\t\t\t\t\t\t\t\t\t\t\t\t\t\t\t\t\t\t\t\t<p>I denne pr\u00e6sentation vil jeg dele ud af mine bedste tips og tricks til at designe og bygge hjemmesider i WordPress. Det bliver et meget lavpraktisk opl\u00e6g hvor jeg beskriver min arbejdsproces og herunder runder vigtige elementer som valg af tema, strukturering af design forl\u00f8bet, mine inspirationskilder til fonte, farver og grafik samt overdragelse af hjemmesiden n\u00e5r den er f\u00e6rdig og den videre drift af siden.<\/p>\n\n\t\t\t\t\t\t\t\t\t\t\t<ul class=\"wcorg-session-links\">\n\t\t\t\t\t\t\t\t\t\t\t\t\t\t\t<li>\n\t\t\t\t\t\t\t\t\t<a href=\"http:\/\/digitaltales.dk\/wordpress-ressourceguide\/\">\n\t\t\t\t\t\t\t\t\t\tSlides\t\t\t\t\t\t\t\t\t<\/a>\n\t\t\t\t\t\t\t\t<\/li>\n\t\t\t\t\t\t\t\t\t\t\t\t\t\t\t<li>\n\t\t\t\t\t\t\t\t\t<a href=\"http:\/\/wordpress.tv\/2015\/10\/26\/milene-rose-holm-et-kig-ned-i-min-vaerktojskasse\/\">\n\t\t\t\t\t\t\t\t\t\tVideo\t\t\t\t\t\t\t\t\t<\/a>\n\t\t\t\t\t\t\t\t<\/li>\n\t\t\t\t\t\t\t\t\t\t\t\t\t<\/ul>\n\t\t\t\t\t\t\t\t\t<\/div>\n\t\t\t<\/div>\n\n\t\t\n\t\t\t<div id=\"wcorg-session-572\" class=\"wcorg-session\" >\n\t\t\t\t<h2>\n\t\t\t\t\t7 tips til at f\u00e5 flere tilmeldte til dit nyhedsbrev\t\t\t\t<\/h2>\n\n\t\t\t\t<div class=\"wcorg-session-description\">\n\t\t\t\t\t\t\t\t\t\t\t\t\t\t\t\t\t\t\t\t<p><span style=\"font-weight: 400\">Hvordan f\u00e5r jeg flere tilmeldte til mit nyhedsbrev? <\/span><\/p>\n<p><span style=\"font-weight: 400\">For at kunne drive en forretning er det vigtigt der hele tiden er et kundeflow. Email\u00a0<\/span><span style=\"font-weight: 400\">markedsf\u00f8ring er den markedsf\u00f8ringsform der giver det bedste return on investment. <\/span><\/p>\n<p><span style=\"font-weight: 400\">Udnyt mulighederne, ved at optimere dine kunders mulighed for at tilmelde sig til dit nyhedsbrev.<\/span><\/p>\n\n\t\t\t\t\t\t\t\t\t\t\t<ul class=\"wcorg-session-links\">\n\t\t\t\t\t\t\t\t\t\t\t\t\t\t\t<li>\n\t\t\t\t\t\t\t\t\t<a href=\"http:\/\/wordpress.tv\/2015\/10\/26\/dennis-kronborg-7-tips-til-at-fa-flere-tilmeldte-til-dit-nyhedsbrev\/\">\n\t\t\t\t\t\t\t\t\t\tVideo\t\t\t\t\t\t\t\t\t<\/a>\n\t\t\t\t\t\t\t\t<\/li>\n\t\t\t\t\t\t\t\t\t\t\t\t\t<\/ul>\n\t\t\t\t\t\t\t\t\t<\/div>\n\t\t\t<\/div>\n\n\t\t\n\t\t\t<div id=\"wcorg-session-720\" class=\"wcorg-session\" >\n\t\t\t\t<h2>\n\t\t\t\t\tVi et ansvar for vores kunders kunder\t\t\t\t<\/h2>\n\n\t\t\t\t<div class=\"wcorg-session-description\">\n\t\t\t\t\t\t\t\t\t\t\t\t\t\t\t\t\t\t\t\t<p>N\u00e5r det kommer til sikkerhed ifht. de l\u00f8sning der leveres, har vi et ansvar som WordPress udviklere, ejere af bureauer og virksomheder, samt leverand\u00f8rer.<\/p>\n<p>Ikke kun over for vores kunder &#8211; men ogs\u00e5 vores kunders kunder.<\/p>\n<p>I denne pr\u00e6sentation vil vi tage et overblik over hvad sikkerhed for WordPress l\u00f8sninger er og hvordan vi med relativt enkle tiltag, kan \u00f8ge sikkerheden markant for vores kunder og deres kunder.<\/p>\n\n\t\t\t\t\t\t\t\t\t\t\t<ul class=\"wcorg-session-links\">\n\t\t\t\t\t\t\t\t\t\t\t\t\t\t\t<li>\n\t\t\t\t\t\t\t\t\t<a href=\"http:\/\/yanco.dk\/wordcamp\">\n\t\t\t\t\t\t\t\t\t\tSlides\t\t\t\t\t\t\t\t\t<\/a>\n\t\t\t\t\t\t\t\t<\/li>\n\t\t\t\t\t\t\t\t\t\t\t\t\t\t\t<li>\n\t\t\t\t\t\t\t\t\t<a href=\"http:\/\/wordpress.tv\/2015\/12\/08\/yan-knudtskov-vi-et-ansvar-for-vores-kunders-kunder\/\">\n\t\t\t\t\t\t\t\t\t\tVideo\t\t\t\t\t\t\t\t\t<\/a>\n\t\t\t\t\t\t\t\t<\/li>\n\t\t\t\t\t\t\t\t\t\t\t\t\t<\/ul>\n\t\t\t\t\t\t\t\t\t<\/div>\n\t\t\t<\/div>\n\n\t\t\n\t\t\t<div id=\"wcorg-session-660\" class=\"wcorg-session\" >\n\t\t\t\t<h2>\n\t\t\t\t\tTheme Customiser &#8211; Utilizing the live preview options for themes\t\t\t\t<\/h2>\n\n\t\t\t\t<div class=\"wcorg-session-description\">\n\t\t\t\t\t\t\t\t\t\t\t\t\t\t\t\t\t\t\t\t<p>In this presentation you will learn why the Theme Customiser is an awesome tool to create better user experiences in WordPress themes.<\/p>\n<p>We also take a deeper look into the Customiser control room and asses the many wonderful possibilities this options system provides such as:<\/p>\n<p>&#8211; Color customisation<br \/>\n&#8211; Menu layouts<br \/>\n&#8211; Logo and icon upload<br \/>\n&#8211; [Fill in with your imagination]<\/p>\n<p>Difficulty: Intermediate<\/p>\n\n\t\t\t\t\t\t\t\t\t\t\t<ul class=\"wcorg-session-links\">\n\t\t\t\t\t\t\t\t\t\t\t\t\t\t\t<li>\n\t\t\t\t\t\t\t\t\t<a href=\"http:\/\/slides.com\/brandrocket\/themecustomiser\/\">\n\t\t\t\t\t\t\t\t\t\tSlides\t\t\t\t\t\t\t\t\t<\/a>\n\t\t\t\t\t\t\t\t<\/li>\n\t\t\t\t\t\t\t\t\t\t\t\t\t\t\t<li>\n\t\t\t\t\t\t\t\t\t<a href=\"http:\/\/wordpress.tv\/2015\/12\/09\/steffen-gammelgaard-theme-customiser-utilizing-the-live-preview-options-for-themes\/\">\n\t\t\t\t\t\t\t\t\t\tVideo\t\t\t\t\t\t\t\t\t<\/a>\n\t\t\t\t\t\t\t\t<\/li>\n\t\t\t\t\t\t\t\t\t\t\t\t\t<\/ul>\n\t\t\t\t\t\t\t\t\t<\/div>\n\t\t\t<\/div>\n\n\t\t\t<\/div><!-- .wcorg-sessions -->\n\n\t\n","protected":false},"excerpt":{"rendered":"<p>Her samler vi\u00a0links til pr\u00e6sentationerne fra WordCamp \u00a0Danmark 2015<\/p>\n","protected":false},"author":50198,"featured_media":0,"parent":0,"menu_order":1,"comment_status":"open","ping_status":"open","template":"","meta":{"_crdt_document":"","jetpack_post_was_ever_published":false,"footnotes":""},"class_list":["post-7","page","type-page","status-publish","hentry"],"jetpack_sharing_enabled":true,"jetpack_shortlink":"https:\/\/wp.me\/P67La0-7","_links":{"self":[{"href":"https:\/\/denmark.wordcamp.org\/2015\/wp-json\/wp\/v2\/pages\/7","targetHints":{"allow":["GET"]}}],"collection":[{"href":"https:\/\/denmark.wordcamp.org\/2015\/wp-json\/wp\/v2\/pages"}],"about":[{"href":"https:\/\/denmark.wordcamp.org\/2015\/wp-json\/wp\/v2\/types\/page"}],"author":[{"embeddable":true,"href":"https:\/\/denmark.wordcamp.org\/2015\/wp-json\/wp\/v2\/users\/50198"}],"replies":[{"embeddable":true,"href":"https:\/\/denmark.wordcamp.org\/2015\/wp-json\/wp\/v2\/comments?post=7"}],"version-history":[{"count":4,"href":"https:\/\/denmark.wordcamp.org\/2015\/wp-json\/wp\/v2\/pages\/7\/revisions"}],"predecessor-version":[{"id":1011,"href":"https:\/\/denmark.wordcamp.org\/2015\/wp-json\/wp\/v2\/pages\/7\/revisions\/1011"}],"wp:attachment":[{"href":"https:\/\/denmark.wordcamp.org\/2015\/wp-json\/wp\/v2\/media?parent=7"}],"curies":[{"name":"wp","href":"https:\/\/api.w.org\/{rel}","templated":true}]}}