{"id":556,"date":"2023-05-17T12:45:47","date_gmt":"2023-05-17T10:45:47","guid":{"rendered":"https:\/\/denmark.wordcamp.org\/2023\/?page_id=556"},"modified":"2023-08-22T15:04:43","modified_gmt":"2023-08-22T13:04:43","slug":"sponsorships","status":"publish","type":"page","link":"https:\/\/denmark.wordcamp.org\/2023\/sponsorships\/","title":{"rendered":"Sponsoraftaler"},"content":{"rendered":"\n<p>Du kan v\u00e6re sponsor for WordCamp Denmark p\u00e5 flere forskellige niveauer. Fra den store pakke (i ental!) ned til mikrosponsorer, der i praksis betaler den dobbelte billetpris.<\/p>\n\n\n\n<p>Alt hvad der kommer ind er med til at holde billetprisen lav, s\u00e5 vi tager imod med gl\u00e6de!<\/p>\n\n\n\n<p>Du kan blive sponsor p\u00e5 f\u00f8lgende niveauer:<\/p>\n\n\n\n<figure class=\"wp-block-table alignwide\"><table><thead><tr><th>Niveau<\/th><th>V\u00e6rdi<\/th><th>Websted<\/th><th>Billetter<\/th><th>Visning<\/th><th>Stand<\/th><th><strong>Omtale<\/strong><\/th><\/tr><\/thead><tbody><tr><td><s>Platinum<\/s> (udsolgt)<\/td><td>8.000 DKK<\/td><td>Logo, link og beskrivelse<\/td><td>4 stk<\/td><td>Logo p\u00e5 sk\u00e6rme under pauser<br>Logo p\u00e5 presswall<\/td><td>Central placering<\/td><td>Beginning and ending both days<\/td><\/tr><tr><td>Gold (1 tilbage)<\/td><td>5.000 DKK<\/td><td>Logo, link og beskrivelse<\/td><td>2 stk<\/td><td>Logo p\u00e5 sk\u00e6rme under pauser<br>Logo p\u00e5 presswall<\/td><td>Standard placering<\/td><td>Beginning and ending both days<\/td><\/tr><tr><td>Silver ( 3 tilbage)<\/td><td>3.000 DKK<\/td><td>Logo, link og beskrivelse<\/td><td>1 stk<\/td><td>Logo p\u00e5 presswall<\/td><td>&#8211;<\/td><td>Beginning day 1 and ending day 2<\/td><\/tr><tr><td>Bronze (8 tilbage)<\/td><td>1.500 DKK<\/td><td>Logo og link<\/td><td>1 stk<\/td><td>&#8211;<\/td><td>&#8211;<\/td><td>Beginning day 1 and ending day 2<\/td><\/tr><tr><td>Micro (ingen begr\u00e6nsning)<\/td><td>800 DKK<\/td><td>Navn og link<\/td><td>1 stk<\/td><td>&#8211; <\/td><td>&#8211; <\/td><td>&#8211;<\/td><\/tr><\/tbody><\/table><\/figure>\n\n\n\n<div class=\"wp-block-group has-global-padding is-layout-constrained wp-container-core-group-is-layout-23b1a4dc wp-block-group-is-layout-constrained\" style=\"border-top-style:solid;border-top-width:1px;border-right-style:solid;border-right-width:1px;border-bottom-style:solid;border-bottom-width:1px;border-left-style:solid;border-left-width:1px;padding-top:var(--wp--preset--spacing--30);padding-right:var(--wp--preset--spacing--30);padding-bottom:var(--wp--preset--spacing--30);padding-left:var(--wp--preset--spacing--30)\">\n<p><em>Bem\u00e6rk: Microsponsorer skal ikke tilmelde sig her. Der k\u00f8ber du bare en <\/em><a href=\"https:\/\/denmark.wordcamp.org\/2023\/wordcamp-denmark-2023\/tickets\/\" data-type=\"page\" data-id=\"13\"><em>Microsponsorbillet<\/em>.<\/a><\/p>\n<\/div>\n\n\n\n<hr class=\"wp-block-separator has-alpha-channel-opacity is-style-dots\" \/>\n","protected":false},"excerpt":{"rendered":"<p>Du kan v\u00e6re sponsor for WordCamp Denmark p\u00e5 flere forskellige niveauer. Fra den store pakke (i ental!) ned til mikrosponsorer, der i praksis betaler den dobbelte billetpris. Alt hvad der kommer ind er med til at holde billetprisen lav, s\u00e5 vi tager imod med gl\u00e6de! Du kan blive sponsor p\u00e5 f\u00f8lgende niveauer: Niveau V\u00e6rdi Websted [&hellip;]<\/p>\n","protected":false},"author":2352283,"featured_media":0,"parent":0,"menu_order":0,"comment_status":"closed","ping_status":"closed","template":"","meta":{"advanced_seo_description":"","jetpack_seo_html_title":"","jetpack_seo_noindex":false,"jetpack_post_was_ever_published":false,"footnotes":""},"class_list":["post-556","page","type-page","status-publish","hentry"],"jetpack_sharing_enabled":true,"jetpack_likes_enabled":false,"jetpack_shortlink":"https:\/\/wp.me\/PeCbfU-8Y","_links":{"self":[{"href":"https:\/\/denmark.wordcamp.org\/2023\/wp-json\/wp\/v2\/pages\/556","targetHints":{"allow":["GET"]}}],"collection":[{"href":"https:\/\/denmark.wordcamp.org\/2023\/wp-json\/wp\/v2\/pages"}],"about":[{"href":"https:\/\/denmark.wordcamp.org\/2023\/wp-json\/wp\/v2\/types\/page"}],"author":[{"embeddable":true,"href":"https:\/\/denmark.wordcamp.org\/2023\/wp-json\/wp\/v2\/users\/2352283"}],"replies":[{"embeddable":true,"href":"https:\/\/denmark.wordcamp.org\/2023\/wp-json\/wp\/v2\/comments?post=556"}],"version-history":[{"count":20,"href":"https:\/\/denmark.wordcamp.org\/2023\/wp-json\/wp\/v2\/pages\/556\/revisions"}],"predecessor-version":[{"id":1425,"href":"https:\/\/denmark.wordcamp.org\/2023\/wp-json\/wp\/v2\/pages\/556\/revisions\/1425"}],"wp:attachment":[{"href":"https:\/\/denmark.wordcamp.org\/2023\/wp-json\/wp\/v2\/media?parent=556"}],"curies":[{"name":"wp","href":"https:\/\/api.w.org\/{rel}","templated":true}]}}