{"id":8,"date":"2023-02-23T09:20:45","date_gmt":"2023-02-23T08:20:45","guid":{"rendered":"https:\/\/denmark.wordcamp.org\/2023\/speakers\/"},"modified":"2023-06-24T12:41:34","modified_gmt":"2023-06-24T10:41:34","slug":"speakers","status":"publish","type":"page","link":"https:\/\/denmark.wordcamp.org\/2023\/speakers\/","title":{"rendered":"Speakers"},"content":{"rendered":"<ul class=\"wordcamp-block wordcamp-post-list has-layout-list wordcamp-speakers\"><li class=\"wordcamp-post-list__post wordcamp-clearfix\">\n<div class=\"wordcamp-speaker wordcamp-speakers__post slug-bjarne-oldrup\">\n\t<h3 class=\"wordcamp-block__item-title wordcamp-speakers__title\"><a href=\"https:\/\/denmark.wordcamp.org\/2023\/speaker\/bjarne-oldrup\/\">Bjarne Oldrup<\/a><\/h3>\n\t\t\t<div class=\"wordcamp-image__avatar-container align-left\">\n\t\t\t<a href=\"https:\/\/denmark.wordcamp.org\/2023\/speaker\/bjarne-oldrup\/\" class=\"wordcamp-image__avatar-link\">\n\t\t\t\t<img loading=\"lazy\" decoding=\"async\" width=\"150\" height=\"150\" src=\"https:\/\/denmark.wordcamp.org\/2023\/files\/2023\/06\/Bjarne-150x150.jpg\" class=\"attachment-150x150 size-150x150 wp-post-image\" alt=\"Avatar af Bjarne Oldrup\" srcset=\"https:\/\/denmark.wordcamp.org\/2023\/files\/2023\/06\/Bjarne-150x150.jpg 150w, https:\/\/denmark.wordcamp.org\/2023\/files\/2023\/06\/Bjarne-300x300.jpg 300w, https:\/\/denmark.wordcamp.org\/2023\/files\/2023\/06\/Bjarne-768x768.jpg 768w, https:\/\/denmark.wordcamp.org\/2023\/files\/2023\/06\/Bjarne.jpg 800w\" sizes=\"auto, (max-width: 150px) 100vw, 150px\" \/>\t\t\t<\/a>\n\t\t<\/div>\n\t\n\t\t\t<div class=\"wordcamp-block__item-content wordcamp-speakers__content is-excerpt\"><p>Bjarne is a web developer with a passion for the sustainable, inclusive and respectful internet. With a background as a computer technician, graduating in 1992, he has worked as a programmer, system administrator and network specialist. Today, he focuses on website carbon footprint, web accessibility and GDPR compliance. For the past decade, Bjarne has primarily &hellip; <\/p>\n<\/div>\t\n\t\t\t<div class=\"wordcamp-speakers__sessions\">\n\t\t\t<h4 class=\"wordcamp-speakers__sessions-heading\">\n\t\t\t\tSession\t\t\t<\/h4>\n\n\t\t\t<ul class=\"wordcamp-speakers__sessions-list\">\n\t\t\t\t\t\t\t\t\t\t\t\t\t\t<li class=\"wordcamp-speakers__sessions-list-item\">\n\t\t\t\t\t\t<a class=\"wordcamp-speakers__session-link\" href=\"https:\/\/denmark.wordcamp.org\/2023\/session\/practical-techniques-for-sustainable-web-development\/\">\n\t\t\t\t\t\t\tPractical techniques for sustainable web development\t\t\t\t\t\t<\/a>\n\n\t\t\t\t\t\t<span class=\"wordcamp-speakers__session-info\">\n\t\t\t\t\t\t\t\t\t\t\t\t\t\t\t27. august 2023 kl. 10:15 CEST i Scan Global lounge\n\t\t\t\t\t\t\t\t\t\t\t\t\t<\/span>\n\t\t\t\t\t<\/li>\n\t\t\t\t\t\t\t<\/ul>\n\t\t<\/div>\n\t<\/div>\n\n<\/li><li class=\"wordcamp-post-list__post wordcamp-clearfix\">\n<div class=\"wordcamp-speaker wordcamp-speakers__post slug-jens-balle\">\n\t<h3 class=\"wordcamp-block__item-title wordcamp-speakers__title\"><a href=\"https:\/\/denmark.wordcamp.org\/2023\/speaker\/jens-balle\/\">Jens Balle<\/a><\/h3>\n\t\t\t<div class=\"wordcamp-image__avatar-container align-left\">\n\t\t\t<a href=\"https:\/\/denmark.wordcamp.org\/2023\/speaker\/jens-balle\/\" class=\"wordcamp-image__avatar-link\">\n\t\t\t\t<img loading=\"lazy\" decoding=\"async\" width=\"150\" height=\"150\" src=\"https:\/\/denmark.wordcamp.org\/2023\/files\/2023\/07\/Jens-balle-150x150.jpg\" class=\"attachment-150x150 size-150x150 wp-post-image\" alt=\"Avatar af Jens Balle\" srcset=\"https:\/\/denmark.wordcamp.org\/2023\/files\/2023\/07\/Jens-balle-150x150.jpg 150w, https:\/\/denmark.wordcamp.org\/2023\/files\/2023\/07\/Jens-balle-300x300.jpg 300w, https:\/\/denmark.wordcamp.org\/2023\/files\/2023\/07\/Jens-balle-301x300.jpg 301w, https:\/\/denmark.wordcamp.org\/2023\/files\/2023\/07\/Jens-balle.jpg 500w\" sizes=\"auto, (max-width: 150px) 100vw, 150px\" \/>\t\t\t<\/a>\n\t\t<\/div>\n\t\n\t\t\t<div class=\"wordcamp-block__item-content wordcamp-speakers__content is-excerpt\"><p>Forfatter og foredragsholder med fokus p\u00e5 formidling af adf\u00e6rdsvidenskab. Har udgivet to b\u00f8ger og er p\u00e5 vej med den tredje, hvor jeg s\u00e6tter fokus p\u00e5 at designe til hulemanden online &#8211; is\u00e6r p\u00e5 mobilen! Se evt mere p\u00e5 https:\/\/hulemandenonline.dk Har tildigere holdt opl\u00e6g p\u00e5 Conversionboost, 2023Marketingcamp, 2022 Opl\u00e6g<\/p>\n<\/div>\t\n\t\t\t<div class=\"wordcamp-speakers__sessions\">\n\t\t\t<h4 class=\"wordcamp-speakers__sessions-heading\">\n\t\t\t\tSession\t\t\t<\/h4>\n\n\t\t\t<ul class=\"wordcamp-speakers__sessions-list\">\n\t\t\t\t\t\t\t\t\t\t\t\t\t\t<li class=\"wordcamp-speakers__sessions-list-item\">\n\t\t\t\t\t\t<a class=\"wordcamp-speakers__session-link\" href=\"https:\/\/denmark.wordcamp.org\/2023\/session\/tal-til-hulemanden-online\/\">\n\t\t\t\t\t\t\tTal til hulemanden online\t\t\t\t\t\t<\/a>\n\n\t\t\t\t\t\t<span class=\"wordcamp-speakers__session-info\">\n\t\t\t\t\t\t\t\t\t\t\t\t\t\t\t27. august 2023 kl. 9:00 CEST i Sky lounge 1885\n\t\t\t\t\t\t\t\t\t\t\t\t\t<\/span>\n\t\t\t\t\t<\/li>\n\t\t\t\t\t\t\t<\/ul>\n\t\t<\/div>\n\t<\/div>\n\n<\/li><li class=\"wordcamp-post-list__post wordcamp-clearfix\">\n<div class=\"wordcamp-speaker wordcamp-speakers__post slug-jette-droeger\">\n\t<h3 class=\"wordcamp-block__item-title wordcamp-speakers__title\"><a href=\"https:\/\/denmark.wordcamp.org\/2023\/speaker\/jette-droeger\/\">Jette Dr\u00f8ger<\/a><\/h3>\n\t\t\t<div class=\"wordcamp-image__avatar-container align-left\">\n\t\t\t<a href=\"https:\/\/denmark.wordcamp.org\/2023\/speaker\/jette-droeger\/\" class=\"wordcamp-image__avatar-link\">\n\t\t\t\t<img decoding=\"async\" src=\"https:\/\/secure.gravatar.com\/avatar\/c33d714753ac05943750d2e34bdd86487eb957b24abe10155dbe7527634bf32f?s=150&amp;d=mm&amp;r=g\" alt=\"Avatar af Jette Dr\u00f8ger\" \/>\t\t\t<\/a>\n\t\t<\/div>\n\t\n\t\t\t<div class=\"wordcamp-block__item-content wordcamp-speakers__content is-excerpt\"><p>Arbejdet med WP siden 2012 Underviser i WP Aktiv i communityet Indehaver af WebsitterService siden 2018 og WP klubben siden 2020 Sessioner<\/p>\n<\/div>\t\n\t\t\t<div class=\"wordcamp-speakers__sessions\">\n\t\t\t<h4 class=\"wordcamp-speakers__sessions-heading\">\n\t\t\t\tSession\t\t\t<\/h4>\n\n\t\t\t<ul class=\"wordcamp-speakers__sessions-list\">\n\t\t\t\t\t\t\t\t\t\t\t\t\t\t<li class=\"wordcamp-speakers__sessions-list-item\">\n\t\t\t\t\t\t<a class=\"wordcamp-speakers__session-link\" href=\"https:\/\/denmark.wordcamp.org\/2023\/session\/saadan-kan-du-bruge-din-hjemmeside-til-en-medlemsklub\/\">\n\t\t\t\t\t\t\tS\u00e5dan kan du bruge din hjemmeside til en medlemsklub\t\t\t\t\t\t<\/a>\n\n\t\t\t\t\t\t<span class=\"wordcamp-speakers__session-info\">\n\t\t\t\t\t\t\t\t\t\t\t\t\t\t\t27. august 2023 kl. 10:15 CEST i Sky lounge 1885\n\t\t\t\t\t\t\t\t\t\t\t\t\t<\/span>\n\t\t\t\t\t<\/li>\n\t\t\t\t\t\t\t<\/ul>\n\t\t<\/div>\n\t<\/div>\n\n<\/li><li class=\"wordcamp-post-list__post wordcamp-clearfix\">\n<div class=\"wordcamp-speaker wordcamp-speakers__post slug-mariabenedikte\">\n\t<h3 class=\"wordcamp-block__item-title wordcamp-speakers__title\"><a href=\"https:\/\/denmark.wordcamp.org\/2023\/speaker\/mariabenedikte\/\">Maria Benedikte<\/a><\/h3>\n\t\t\t<div class=\"wordcamp-image__avatar-container align-left\">\n\t\t\t<a href=\"https:\/\/denmark.wordcamp.org\/2023\/speaker\/mariabenedikte\/\" class=\"wordcamp-image__avatar-link\">\n\t\t\t\t<img decoding=\"async\" src=\"https:\/\/secure.gravatar.com\/avatar\/a2b5e288b2cb41330948d4deaac13be0e70b67c3b3d530c62a0d736afebe5dff?s=150&amp;d=mm&amp;r=g\" alt=\"Avatar af Maria Benedikte\" \/>\t\t\t<\/a>\n\t\t<\/div>\n\t\n\t\t\t<div class=\"wordcamp-block__item-content wordcamp-speakers__content is-excerpt\"><p>I am a Female geek. My formal education was in Computer Science and Business Economics from CBS in year 2000. I have been a programmer, Manager, CIO and recently I started my own company Futurescouts. My company is partly a community of people devoted to trying out the new Generative AI tools and learning about &hellip; <\/p>\n<\/div>\t\n\t\t\t<div class=\"wordcamp-speakers__sessions\">\n\t\t\t<h4 class=\"wordcamp-speakers__sessions-heading\">\n\t\t\t\tSession\t\t\t<\/h4>\n\n\t\t\t<ul class=\"wordcamp-speakers__sessions-list\">\n\t\t\t\t\t\t\t\t\t\t\t\t\t\t<li class=\"wordcamp-speakers__sessions-list-item\">\n\t\t\t\t\t\t<a class=\"wordcamp-speakers__session-link\" href=\"https:\/\/denmark.wordcamp.org\/2023\/session\/generative-ai-vaerktoejer-som-hjaelp-til-kommunikation-og-kreativitet\/\">\n\t\t\t\t\t\t\tGenerative AI-v\u00e6rkt\u00f8jer som hj\u00e6lp til kommunikation og kreativitet\t\t\t\t\t\t<\/a>\n\n\t\t\t\t\t\t<span class=\"wordcamp-speakers__session-info\">\n\t\t\t\t\t\t\t\t\t\t\t\t\t\t\t26. august 2023 kl. 11:15 CEST i Scan Global lounge\n\t\t\t\t\t\t\t\t\t\t\t\t\t<\/span>\n\t\t\t\t\t<\/li>\n\t\t\t\t\t\t\t<\/ul>\n\t\t<\/div>\n\t<\/div>\n\n<\/li><li class=\"wordcamp-post-list__post wordcamp-clearfix\">\n<div class=\"wordcamp-speaker wordcamp-speakers__post slug-mark-thomas-gazel\">\n\t<h3 class=\"wordcamp-block__item-title wordcamp-speakers__title\"><a href=\"https:\/\/denmark.wordcamp.org\/2023\/speaker\/mark-thomas-gazel\/\">Mark Thomas Gazel<\/a><\/h3>\n\t\t\t<div class=\"wordcamp-image__avatar-container align-left\">\n\t\t\t<a href=\"https:\/\/denmark.wordcamp.org\/2023\/speaker\/mark-thomas-gazel\/\" class=\"wordcamp-image__avatar-link\">\n\t\t\t\t<img decoding=\"async\" src=\"https:\/\/secure.gravatar.com\/avatar\/3a92b2482da1c099794f7cf4e515487fd613b85145fbf1d2024226979328e473?s=150&amp;d=mm&amp;r=g\" alt=\"Avatar af Mark Thomas Gazel\" \/>\t\t\t<\/a>\n\t\t<\/div>\n\t\n\t\t\t<div class=\"wordcamp-block__item-content wordcamp-speakers__content is-excerpt\"><\/div>\t\n\t\t\t<div class=\"wordcamp-speakers__sessions\">\n\t\t\t<h4 class=\"wordcamp-speakers__sessions-heading\">\n\t\t\t\tSession\t\t\t<\/h4>\n\n\t\t\t<ul class=\"wordcamp-speakers__sessions-list\">\n\t\t\t\t\t\t\t\t\t\t\t\t\t\t<li class=\"wordcamp-speakers__sessions-list-item\">\n\t\t\t\t\t\t<a class=\"wordcamp-speakers__session-link\" href=\"https:\/\/denmark.wordcamp.org\/2023\/session\/dato-eller-kaereste-en-oversaetters-kvaler-uden-kontekst\/\">\n\t\t\t\t\t\t\tMake WordPress &#8211; Polyglots\t\t\t\t\t\t<\/a>\n\n\t\t\t\t\t\t<span class=\"wordcamp-speakers__session-info\">\n\t\t\t\t\t\t\t\t\t\t\t\t\t\t\t26. august 2023 kl. 14:45 CEST i Scan Global lounge\n\t\t\t\t\t\t\t\t\t\t\t\t\t<\/span>\n\t\t\t\t\t<\/li>\n\t\t\t\t\t\t\t<\/ul>\n\t\t<\/div>\n\t<\/div>\n\n<\/li><li class=\"wordcamp-post-list__post wordcamp-clearfix\">\n<div class=\"wordcamp-speaker wordcamp-speakers__post slug-morten-ellegaard\">\n\t<h3 class=\"wordcamp-block__item-title wordcamp-speakers__title\"><a href=\"https:\/\/denmark.wordcamp.org\/2023\/speaker\/morten-ellegaard\/\">Morten Ellegaard<\/a><\/h3>\n\t\t\t<div class=\"wordcamp-image__avatar-container align-left\">\n\t\t\t<a href=\"https:\/\/denmark.wordcamp.org\/2023\/speaker\/morten-ellegaard\/\" class=\"wordcamp-image__avatar-link\">\n\t\t\t\t<img decoding=\"async\" src=\"https:\/\/secure.gravatar.com\/avatar\/529febf5d794e4b5d18b44431b12d64955355e819a814f95700c36de79b382a4?s=150&amp;d=mm&amp;r=g\" alt=\"Avatar af Morten Ellegaard\" \/>\t\t\t<\/a>\n\t\t<\/div>\n\t\n\t\t\t<div class=\"wordcamp-block__item-content wordcamp-speakers__content is-excerpt\"><p>Kaffeglad WordPress Evangelist &#8211; udvikler, designer, overs\u00e6tter, underviser og SoMe n\u00f8rd. Sk\u00e6v humor med hurtige returneringer. Digital r\u00e5dgiver. Ret vild med det der InterWeb. Sessioner<\/p>\n<\/div>\t\n\t\t\t<div class=\"wordcamp-speakers__sessions\">\n\t\t\t<h4 class=\"wordcamp-speakers__sessions-heading\">\n\t\t\t\tSession\t\t\t<\/h4>\n\n\t\t\t<ul class=\"wordcamp-speakers__sessions-list\">\n\t\t\t\t\t\t\t\t\t\t\t\t\t\t<li class=\"wordcamp-speakers__sessions-list-item\">\n\t\t\t\t\t\t<a class=\"wordcamp-speakers__session-link\" href=\"https:\/\/denmark.wordcamp.org\/2023\/session\/it-takes-a-village-opbygning-af-aktive-faellesskaber\/\">\n\t\t\t\t\t\t\tIt takes a village -opbygning af aktive f\u00e6llesskaber\t\t\t\t\t\t<\/a>\n\n\t\t\t\t\t\t<span class=\"wordcamp-speakers__session-info\">\n\t\t\t\t\t\t\t\t\t\t\t\t\t\t\t26. august 2023 kl. 14:45 CEST i Sky lounge 1885\n\t\t\t\t\t\t\t\t\t\t\t\t\t<\/span>\n\t\t\t\t\t<\/li>\n\t\t\t\t\t\t\t<\/ul>\n\t\t<\/div>\n\t<\/div>\n\n<\/li><li class=\"wordcamp-post-list__post wordcamp-clearfix\">\n<div class=\"wordcamp-speaker wordcamp-speakers__post slug-peter-leth\">\n\t<h3 class=\"wordcamp-block__item-title wordcamp-speakers__title\"><a href=\"https:\/\/denmark.wordcamp.org\/2023\/speaker\/peter-leth\/\">Peter Leth<\/a><\/h3>\n\t\t\t<div class=\"wordcamp-image__avatar-container align-left\">\n\t\t\t<a href=\"https:\/\/denmark.wordcamp.org\/2023\/speaker\/peter-leth\/\" class=\"wordcamp-image__avatar-link\">\n\t\t\t\t<img decoding=\"async\" src=\"https:\/\/secure.gravatar.com\/avatar\/b6f57682c76d1a7aa3dc477fa37a51e685b0fe4a0ba616579f30ca35d491c994?s=150&amp;d=mm&amp;r=g\" alt=\"Avatar af Peter Leth\" \/>\t\t\t<\/a>\n\t\t<\/div>\n\t\n\t\t\t<div class=\"wordcamp-block__item-content wordcamp-speakers__content is-excerpt\"><p>Formand for foreningen OpenDenmark og for Creative Commons i Danmark. Sessioner<\/p>\n<\/div>\t\n\t\t\t<div class=\"wordcamp-speakers__sessions\">\n\t\t\t<h4 class=\"wordcamp-speakers__sessions-heading\">\n\t\t\t\tSession\t\t\t<\/h4>\n\n\t\t\t<ul class=\"wordcamp-speakers__sessions-list\">\n\t\t\t\t\t\t\t\t\t\t\t\t\t\t<li class=\"wordcamp-speakers__sessions-list-item\">\n\t\t\t\t\t\t<a class=\"wordcamp-speakers__session-link\" href=\"https:\/\/denmark.wordcamp.org\/2023\/session\/aabne-medier-og-ophavsret-faa-styr-paa-det-og-faa-flere-muligheder\/\">\n\t\t\t\t\t\t\t\u00c5bne medier og ophavsret &#8211; f\u00e5 styr p\u00e5 det &#8211; og f\u00e5 flere muligheder\t\t\t\t\t\t<\/a>\n\n\t\t\t\t\t\t<span class=\"wordcamp-speakers__session-info\">\n\t\t\t\t\t\t\t\t\t\t\t\t\t\t\t26. august 2023 kl. 13:45 CEST i Sky lounge 1885\n\t\t\t\t\t\t\t\t\t\t\t\t\t<\/span>\n\t\t\t\t\t<\/li>\n\t\t\t\t\t\t\t<\/ul>\n\t\t<\/div>\n\t<\/div>\n\n<\/li><li class=\"wordcamp-post-list__post wordcamp-clearfix\">\n<div class=\"wordcamp-speaker wordcamp-speakers__post slug-sanne-dollerup\">\n\t<h3 class=\"wordcamp-block__item-title wordcamp-speakers__title\"><a href=\"https:\/\/denmark.wordcamp.org\/2023\/speaker\/sanne-dollerup\/\">Sanne Dollerup<\/a><\/h3>\n\t\t\t<div class=\"wordcamp-image__avatar-container align-left\">\n\t\t\t<a href=\"https:\/\/denmark.wordcamp.org\/2023\/speaker\/sanne-dollerup\/\" class=\"wordcamp-image__avatar-link\">\n\t\t\t\t<img loading=\"lazy\" decoding=\"async\" width=\"150\" height=\"150\" src=\"https:\/\/denmark.wordcamp.org\/2023\/files\/2023\/08\/sanne-foredrag-1-150x150.jpg\" class=\"attachment-150x150 size-150x150 wp-post-image\" alt=\"Avatar af Sanne Dollerup\" \/>\t\t\t<\/a>\n\t\t<\/div>\n\t\n\t\t\t<div class=\"wordcamp-block__item-content wordcamp-speakers__content is-excerpt\"><p>Sanne Dollerup, Erhvervsforsker, Institut for Kundetyper Har besk\u00e6ftiget sig i +15 \u00e5r med forskning, markedsf\u00f8ring og salg. Sanne Dollerup er uddannet fra Aalborg Universitet, hvor hun skrev sin ph.d-afhandling om\u200c emotionelle beslutningsprocesser i forbindelse med markedsf\u00f8ring og salg. Hun er partner i Institut for Kundetyper, hvor hun underviser og r\u00e5dgiver i segmenteringsv\u00e6rkt\u00f8jet &quot;Emotionelle Kundetyper\u201d. Hendes &hellip; <\/p>\n<\/div>\t\n\t\t\t<div class=\"wordcamp-speakers__sessions\">\n\t\t\t<h4 class=\"wordcamp-speakers__sessions-heading\">\n\t\t\t\tSession\t\t\t<\/h4>\n\n\t\t\t<ul class=\"wordcamp-speakers__sessions-list\">\n\t\t\t\t\t\t\t\t\t\t\t\t\t\t<li class=\"wordcamp-speakers__sessions-list-item\">\n\t\t\t\t\t\t<a class=\"wordcamp-speakers__session-link\" href=\"https:\/\/denmark.wordcamp.org\/2023\/session\/saadan-bliver-hjemmesiden-emotionelt-engagerende\/\">\n\t\t\t\t\t\t\tS\u00e5dan bliver hjemmesiden emotionelt engagerende\t\t\t\t\t\t<\/a>\n\n\t\t\t\t\t\t<span class=\"wordcamp-speakers__session-info\">\n\t\t\t\t\t\t\t\t\t\t\t\t\t\t\t26. august 2023 kl. 10:15 CEST i Sky lounge 1885\n\t\t\t\t\t\t\t\t\t\t\t\t\t<\/span>\n\t\t\t\t\t<\/li>\n\t\t\t\t\t\t\t<\/ul>\n\t\t<\/div>\n\t<\/div>\n\n<\/li><li class=\"wordcamp-post-list__post wordcamp-clearfix\">\n<div class=\"wordcamp-speaker wordcamp-speakers__post slug-simon-kraft\">\n\t<h3 class=\"wordcamp-block__item-title wordcamp-speakers__title\"><a href=\"https:\/\/denmark.wordcamp.org\/2023\/speaker\/simon-kraft\/\">Simon Kraft<\/a><\/h3>\n\t\t\t<div class=\"wordcamp-image__avatar-container align-left\">\n\t\t\t<a href=\"https:\/\/denmark.wordcamp.org\/2023\/speaker\/simon-kraft\/\" class=\"wordcamp-image__avatar-link\">\n\t\t\t\t<img decoding=\"async\" src=\"https:\/\/secure.gravatar.com\/avatar\/5c70c8457ca931d6aeed65b8c65e68aa5e12b0e742334c2c2e233affe2f193f3?s=150&amp;d=mm&amp;r=g\" alt=\"Avatar af Simon Kraft\" \/>\t\t\t<\/a>\n\t\t<\/div>\n\t\n\t\t\t<div class=\"wordcamp-block__item-content wordcamp-speakers__content is-excerpt\"><p>Simon has been an avid WordPress user since 2008. While working as a Product Owner, he also dabbles with writing blog posts and newsletters and talking in podcasts about WordPress. He is an active community member and spends quite some time organizing meetups and helping the community. Har tidligere holdt opl\u00e6g p\u00e5: WordCamp Europe 2023WordCamp &hellip; <\/p>\n<\/div>\t\n\t\t\t<div class=\"wordcamp-speakers__sessions\">\n\t\t\t<h4 class=\"wordcamp-speakers__sessions-heading\">\n\t\t\t\tSession\t\t\t<\/h4>\n\n\t\t\t<ul class=\"wordcamp-speakers__sessions-list\">\n\t\t\t\t\t\t\t\t\t\t\t\t\t\t<li class=\"wordcamp-speakers__sessions-list-item\">\n\t\t\t\t\t\t<a class=\"wordcamp-speakers__session-link\" href=\"https:\/\/denmark.wordcamp.org\/2023\/session\/wordpress-climate-change-and-what-to-do-about-it\/\">\n\t\t\t\t\t\t\tWordPress, Climate Change and what to do about it\t\t\t\t\t\t<\/a>\n\n\t\t\t\t\t\t<span class=\"wordcamp-speakers__session-info\">\n\t\t\t\t\t\t\t\t\t\t\t\t\t\t\t26. august 2023 kl. 13:45 CEST i Scan Global lounge\n\t\t\t\t\t\t\t\t\t\t\t\t\t<\/span>\n\t\t\t\t\t<\/li>\n\t\t\t\t\t\t\t<\/ul>\n\t\t<\/div>\n\t<\/div>\n\n<\/li><li class=\"wordcamp-post-list__post wordcamp-clearfix\">\n<div class=\"wordcamp-speaker wordcamp-speakers__post slug-soeren-jensen\">\n\t<h3 class=\"wordcamp-block__item-title wordcamp-speakers__title\"><a href=\"https:\/\/denmark.wordcamp.org\/2023\/speaker\/soeren-jensen\/\">S\u00f8ren Jensen<\/a><\/h3>\n\t\t\t<div class=\"wordcamp-image__avatar-container align-left\">\n\t\t\t<a href=\"https:\/\/denmark.wordcamp.org\/2023\/speaker\/soeren-jensen\/\" class=\"wordcamp-image__avatar-link\">\n\t\t\t\t<img decoding=\"async\" src=\"https:\/\/secure.gravatar.com\/avatar\/1da263e8e9df6a6eaf977e674600ab7c7020ee828400087d988a4177cd49a4e1?s=150&amp;d=mm&amp;r=g\" alt=\"Avatar af S\u00f8ren Jensen\" \/>\t\t\t<\/a>\n\t\t<\/div>\n\t\n\t\t\t<div class=\"wordcamp-block__item-content wordcamp-speakers__content is-excerpt\"><p>S\u00f8ren Jensen har siden 2003 arbejdet med hjemmesider og web shops b\u00e5de udvikling og drift. Han har v\u00e6ret med til at skabe mere end 500 hjemmesider ved hj\u00e6lp af WordPress, som har v\u00e6ret hans foretrukne CMS-system siden 2012. Over de seneste \u00e5r har hans fokus i h\u00f8j grad v\u00e6ret rettet mod at konstruere WordPress-baserede websteder, &hellip; <\/p>\n<\/div>\t\n\t\t\t<div class=\"wordcamp-speakers__sessions\">\n\t\t\t<h4 class=\"wordcamp-speakers__sessions-heading\">\n\t\t\t\tSession\t\t\t<\/h4>\n\n\t\t\t<ul class=\"wordcamp-speakers__sessions-list\">\n\t\t\t\t\t\t\t\t\t\t\t\t\t\t<li class=\"wordcamp-speakers__sessions-list-item\">\n\t\t\t\t\t\t<a class=\"wordcamp-speakers__session-link\" href=\"https:\/\/denmark.wordcamp.org\/2023\/session\/digitalisering-med-wordpress-som-kernen-i-din-organisation\/\">\n\t\t\t\t\t\t\tDigitalisering med WordPress som kernen i din organisation.\t\t\t\t\t\t<\/a>\n\n\t\t\t\t\t\t<span class=\"wordcamp-speakers__session-info\">\n\t\t\t\t\t\t\t\t\t\t\t\t\t\t\t26. august 2023 kl. 10:15 CEST i Scan Global lounge\n\t\t\t\t\t\t\t\t\t\t\t\t\t<\/span>\n\t\t\t\t\t<\/li>\n\t\t\t\t\t\t\t<\/ul>\n\t\t<\/div>\n\t<\/div>\n\n<\/li><li class=\"wordcamp-post-list__post wordcamp-clearfix\">\n<div class=\"wordcamp-speaker wordcamp-speakers__post slug-thomas-wittenburg\">\n\t<h3 class=\"wordcamp-block__item-title wordcamp-speakers__title\"><a href=\"https:\/\/denmark.wordcamp.org\/2023\/speaker\/thomas-wittenburg\/\">Thomas Wittenburg<\/a><\/h3>\n\t\t\t<div class=\"wordcamp-image__avatar-container align-left\">\n\t\t\t<a href=\"https:\/\/denmark.wordcamp.org\/2023\/speaker\/thomas-wittenburg\/\" class=\"wordcamp-image__avatar-link\">\n\t\t\t\t<img decoding=\"async\" src=\"https:\/\/secure.gravatar.com\/avatar\/b362fca535fc08b4ea68b483a069554dda85f70eaf1bf34e5dde8875c455633a?s=150&amp;d=mm&amp;r=g\" alt=\"Avatar af Thomas Wittenburg\" \/>\t\t\t<\/a>\n\t\t<\/div>\n\t\n\t\t\t<div class=\"wordcamp-block__item-content wordcamp-speakers__content is-excerpt\"><p>CEO @ Dash Two (dashtwo.io) Sessioner<\/p>\n<\/div>\t\n\t\t\t<div class=\"wordcamp-speakers__sessions\">\n\t\t\t<h4 class=\"wordcamp-speakers__sessions-heading\">\n\t\t\t\tSession\t\t\t<\/h4>\n\n\t\t\t<ul class=\"wordcamp-speakers__sessions-list\">\n\t\t\t\t\t\t\t\t\t\t\t\t\t\t<li class=\"wordcamp-speakers__sessions-list-item\">\n\t\t\t\t\t\t<a class=\"wordcamp-speakers__session-link\" href=\"https:\/\/denmark.wordcamp.org\/2023\/session\/skalering-paa-budget-med-woocommerce-til-stjernerne\/\">\n\t\t\t\t\t\t\tSkalering p\u00e5 budget &#8211; med WooCommerce til stjernerne\t\t\t\t\t\t<\/a>\n\n\t\t\t\t\t\t<span class=\"wordcamp-speakers__session-info\">\n\t\t\t\t\t\t\t\t\t\t\t\t\t\t\t27. august 2023 kl. 9:00 CEST i Scan Global lounge\n\t\t\t\t\t\t\t\t\t\t\t\t\t<\/span>\n\t\t\t\t\t<\/li>\n\t\t\t\t\t\t\t<\/ul>\n\t\t<\/div>\n\t<\/div>\n\n<\/li><li class=\"wordcamp-post-list__post wordcamp-clearfix\">\n<div class=\"wordcamp-speaker wordcamp-speakers__post slug-yan-knudtskov\">\n\t<h3 class=\"wordcamp-block__item-title wordcamp-speakers__title\"><a href=\"https:\/\/denmark.wordcamp.org\/2023\/speaker\/yan-knudtskov\/\">Yan Knudtskov<\/a><\/h3>\n\t\t\t<div class=\"wordcamp-image__avatar-container align-left\">\n\t\t\t<a href=\"https:\/\/denmark.wordcamp.org\/2023\/speaker\/yan-knudtskov\/\" class=\"wordcamp-image__avatar-link\">\n\t\t\t\t<img decoding=\"async\" src=\"https:\/\/secure.gravatar.com\/avatar\/bb762be84299b84a524731b0229d4bf618bf97a92a81c50d0fdd3c73974e1b5b?s=150&amp;d=mm&amp;r=g\" alt=\"Avatar af Yan Knudtskov\" \/>\t\t\t<\/a>\n\t\t<\/div>\n\t\n\t\t\t<div class=\"wordcamp-block__item-content wordcamp-speakers__content is-excerpt\"><p>Siden 2008 har Yan arbejdet med WordPress og bygget alt fra hjemmesider, til webshops, til onlinekursus systemer. Med mere end 20 \u00e5rs erfaring inden for IT og web, hj\u00e6lper Yan med udvikling, strategi, undervisning og r\u00e5dgivning. Yan er uddannet IT Ingeni\u00f8r og startede sin karriere med, at arbejde for private konsulenthuse, Udenrigs-ministeriet og senere Danmarks &hellip; <\/p>\n<\/div>\t\n\t\t\t<div class=\"wordcamp-speakers__sessions\">\n\t\t\t<h4 class=\"wordcamp-speakers__sessions-heading\">\n\t\t\t\tSession\t\t\t<\/h4>\n\n\t\t\t<ul class=\"wordcamp-speakers__sessions-list\">\n\t\t\t\t\t\t\t\t\t\t\t\t\t\t<li class=\"wordcamp-speakers__sessions-list-item\">\n\t\t\t\t\t\t<a class=\"wordcamp-speakers__session-link\" href=\"https:\/\/denmark.wordcamp.org\/2023\/session\/faa-en-roligere-nattesoevn-ved-at-vaelge-dine-ulemper-frem-for-dine-fordele\/\">\n\t\t\t\t\t\t\tF\u00e5 en roligere nattes\u00f8vn ved at v\u00e6lge dine ulemper frem for dine fordele\t\t\t\t\t\t<\/a>\n\n\t\t\t\t\t\t<span class=\"wordcamp-speakers__session-info\">\n\t\t\t\t\t\t\t\t\t\t\t\t\t\t\t27. august 2023 kl. 11:15 CEST i Scan Global lounge\n\t\t\t\t\t\t\t\t\t\t\t\t\t<\/span>\n\t\t\t\t\t<\/li>\n\t\t\t\t\t\t\t<\/ul>\n\t\t<\/div>\n\t<\/div>\n\n<\/li><\/ul>","protected":false},"excerpt":{"rendered":"","protected":false},"author":2352283,"featured_media":0,"parent":0,"menu_order":0,"comment_status":"closed","ping_status":"closed","template":"","meta":{"advanced_seo_description":"","jetpack_seo_html_title":"","jetpack_seo_noindex":false,"jetpack_post_was_ever_published":false,"footnotes":""},"class_list":["post-8","page","type-page","status-publish","hentry"],"jetpack_sharing_enabled":true,"jetpack_likes_enabled":false,"jetpack_shortlink":"https:\/\/wp.me\/PeCbfU-8","_links":{"self":[{"href":"https:\/\/denmark.wordcamp.org\/2023\/wp-json\/wp\/v2\/pages\/8","targetHints":{"allow":["GET"]}}],"collection":[{"href":"https:\/\/denmark.wordcamp.org\/2023\/wp-json\/wp\/v2\/pages"}],"about":[{"href":"https:\/\/denmark.wordcamp.org\/2023\/wp-json\/wp\/v2\/types\/page"}],"author":[{"embeddable":true,"href":"https:\/\/denmark.wordcamp.org\/2023\/wp-json\/wp\/v2\/users\/2352283"}],"replies":[{"embeddable":true,"href":"https:\/\/denmark.wordcamp.org\/2023\/wp-json\/wp\/v2\/comments?post=8"}],"version-history":[{"count":7,"href":"https:\/\/denmark.wordcamp.org\/2023\/wp-json\/wp\/v2\/pages\/8\/revisions"}],"predecessor-version":[{"id":1034,"href":"https:\/\/denmark.wordcamp.org\/2023\/wp-json\/wp\/v2\/pages\/8\/revisions\/1034"}],"wp:attachment":[{"href":"https:\/\/denmark.wordcamp.org\/2023\/wp-json\/wp\/v2\/media?parent=8"}],"curies":[{"name":"wp","href":"https:\/\/api.w.org\/{rel}","templated":true}]}}